-- https://www.phpmyadmin.net/
--

START TRANSACTION;



-- --------------------------------------------------------

--
-- Table structure for table `rbs_admin_access_logs`
--

CREATE TABLE `rbs_admin_access_logs` (
  `id` bigint UNSIGNED NOT NULL,
  `admin_id` int DEFAULT NULL,
  `role_id` int DEFAULT NULL,
  `location_id` int DEFAULT NULL,
  `username` varchar(255) CHARACTER SET utf8mb4 COLLATE utf8mb4_unicode_ci DEFAULT NULL,
  `role_name` varchar(100) CHARACTER SET utf8mb4 COLLATE utf8mb4_unicode_ci DEFAULT NULL,
  `location_name` varchar(255) CHARACTER SET utf8mb4 COLLATE utf8mb4_unicode_ci DEFAULT NULL,
  `ip_address` varchar(45) CHARACTER SET utf8mb4 COLLATE utf8mb4_unicode_ci DEFAULT NULL,
  `accessed_at` timestamp NOT NULL DEFAULT CURRENT_TIMESTAMP,
  `country` varchar(255) CHARACTER SET utf8mb4 COLLATE utf8mb4_unicode_ci DEFAULT NULL,
  `region` varchar(255) CHARACTER SET utf8mb4 COLLATE utf8mb4_unicode_ci DEFAULT NULL,
  `city` varchar(255) CHARACTER SET utf8mb4 COLLATE utf8mb4_unicode_ci DEFAULT NULL,
  `continent` varchar(255) CHARACTER SET utf8mb4 COLLATE utf8mb4_unicode_ci DEFAULT NULL,
  `timezone` varchar(255) CHARACTER SET utf8mb4 COLLATE utf8mb4_unicode_ci DEFAULT NULL,
  `latitude` varchar(255) CHARACTER SET utf8mb4 COLLATE utf8mb4_unicode_ci DEFAULT NULL,
  `longitude` varchar(255) CHARACTER SET utf8mb4 COLLATE utf8mb4_unicode_ci DEFAULT NULL,
  `operating_system` varchar(255) CHARACTER SET utf8mb4 COLLATE utf8mb4_unicode_ci DEFAULT NULL,
  `browser` varchar(255) CHARACTER SET utf8mb4 COLLATE utf8mb4_unicode_ci DEFAULT NULL,
  `hostname` varchar(255) CHARACTER SET utf8mb4 COLLATE utf8mb4_unicode_ci DEFAULT NULL,
  `screen_resolution` varchar(255) CHARACTER SET utf8mb4 COLLATE utf8mb4_unicode_ci DEFAULT NULL,
  `access_method` varchar(255) CHARACTER SET utf8mb4 COLLATE utf8mb4_unicode_ci DEFAULT NULL,
  `http_method` varchar(10) CHARACTER SET utf8mb4 COLLATE utf8mb4_unicode_ci DEFAULT NULL,
  `route_name` varchar(255) CHARACTER SET utf8mb4 COLLATE utf8mb4_unicode_ci DEFAULT NULL,
  `url` varchar(1024) CHARACTER SET utf8mb4 COLLATE utf8mb4_unicode_ci DEFAULT NULL,
  `created_at` timestamp NULL DEFAULT NULL,
  `updated_at` timestamp NULL DEFAULT NULL
) ENGINE=InnoDB DEFAULT CHARSET=utf8mb4 COLLATE=utf8mb4_unicode_ci;

-- --------------------------------------------------------

--
-- Table structure for table `rbs_admin_role`
--

CREATE TABLE `rbs_admin_role` (
  `role_id` int UNSIGNED NOT NULL,
  `title` varchar(100) CHARACTER SET utf8mb4 COLLATE utf8mb4_unicode_ci NOT NULL,
  `created_id` int NOT NULL DEFAULT '0',
  `updated_id` int NOT NULL DEFAULT '0',
  `created_at` timestamp NULL DEFAULT NULL,
  `updated_at` timestamp NULL DEFAULT NULL
) ENGINE=InnoDB DEFAULT CHARSET=utf8mb4 COLLATE=utf8mb4_unicode_ci;

--
-- Dumping data for table `rbs_admin_role`
--

INSERT INTO `rbs_admin_role` (`role_id`, `title`, `created_id`, `updated_id`, `created_at`, `updated_at`) VALUES
(1, 'Super Administrator', 1, 1, '2025-07-16 12:35:16', '2025-08-18 21:19:46'),
(3, 'Locations Manager', 1, 1, '2025-08-18 21:32:15', '2025-09-02 03:00:39');

-- --------------------------------------------------------

--
-- Table structure for table `rbs_banners`
--

CREATE TABLE `rbs_banners` (
  `banner_id` int UNSIGNED NOT NULL,
  `desktop_image` varchar(255) COLLATE utf8mb4_unicode_ci DEFAULT NULL,
  `mobile_image` varchar(255) COLLATE utf8mb4_unicode_ci DEFAULT NULL,
  `description` text COLLATE utf8mb4_unicode_ci,
  `link` varchar(128) COLLATE utf8mb4_unicode_ci DEFAULT NULL,
  `link_target` varchar(20) COLLATE utf8mb4_unicode_ci DEFAULT NULL,
  `banner_group` varchar(128) COLLATE utf8mb4_unicode_ci NOT NULL,
  `location_id` int NOT NULL DEFAULT '0',
  `c_order` int NOT NULL DEFAULT '0',
  `status` enum('Enabled','Disabled') COLLATE utf8mb4_unicode_ci NOT NULL DEFAULT 'Enabled',
  `created_id` int NOT NULL DEFAULT '0',
  `updated_id` int NOT NULL DEFAULT '0',
  `created_at` timestamp NULL DEFAULT NULL,
  `updated_at` timestamp NULL DEFAULT NULL
) ENGINE=InnoDB DEFAULT CHARSET=utf8mb4 COLLATE=utf8mb4_unicode_ci;

--
-- Dumping data for table `rbs_banners`
--

INSERT INTO `rbs_banners` (`banner_id`, `desktop_image`, `mobile_image`, `description`, `link`, `link_target`, `banner_group`, `location_id`, `c_order`, `status`, `created_id`, `updated_id`, `created_at`, `updated_at`) VALUES
(1, 'Group-10-1761744038.jpg', 'demo-1761744071.jpg', '<p>wewlejkw wejwhejwhje</p>', 'http://localhost:2', '_self', 'home-banner-group', 3, 1, 'Enabled', 1, 1, '2025-10-25 02:51:07', '2025-10-29 09:21:11');

-- --------------------------------------------------------

--
-- Table structure for table `rbs_category`
--

CREATE TABLE `rbs_category` (
  `category_id` int UNSIGNED NOT NULL,
  `module` enum('default','menu_items','online_orders','order_by_tray','catering_packages','outdoor_catering','sweets','cakes') CHARACTER SET utf8mb4 COLLATE utf8mb4_unicode_ci NOT NULL DEFAULT 'default',
  `title` varchar(255) CHARACTER SET utf8mb4 COLLATE utf8mb4_unicode_ci NOT NULL,
  `slug` varchar(255) CHARACTER SET utf8mb4 COLLATE utf8mb4_unicode_ci NOT NULL,
  `image` varchar(255) CHARACTER SET utf8mb4 COLLATE utf8mb4_unicode_ci DEFAULT NULL,
  `parent_id` int NOT NULL DEFAULT '0',
  `location_id` int NOT NULL DEFAULT '0',
  `show_on_homepage` enum('','No','Yes') CHARACTER SET utf8mb4 COLLATE utf8mb4_unicode_ci DEFAULT NULL,
  `featured_live_station` enum('','No','Yes') CHARACTER SET utf8mb4 COLLATE utf8mb4_unicode_ci DEFAULT NULL,
  `c_order` int NOT NULL DEFAULT '0',
  `status` enum('Enabled','Disabled') CHARACTER SET utf8mb4 COLLATE utf8mb4_unicode_ci NOT NULL DEFAULT 'Enabled',
  `created_id` int NOT NULL DEFAULT '0',
  `updated_id` int NOT NULL DEFAULT '0',
  `created_at` timestamp NULL DEFAULT NULL,
  `updated_at` timestamp NULL DEFAULT NULL
) ENGINE=InnoDB DEFAULT CHARSET=utf8mb4 COLLATE=utf8mb4_unicode_ci;

--
-- Dumping data for table `rbs_category`
--

INSERT INTO `rbs_category` (`category_id`, `module`, `title`, `slug`, `image`, `parent_id`, `location_id`, `show_on_homepage`, `featured_live_station`, `c_order`, `status`, `created_id`, `updated_id`, `created_at`, `updated_at`) VALUES
(4, 'menu_items', 'Dine-In / Take-Out', 'dine-in-take-out', 'Group-10-1756874002.jpg', 0, 3, 'No', NULL, 1, 'Enabled', 1, 1, '2025-09-02 02:49:53', '2025-09-22 18:24:22'),
(5, 'menu_items', 'Drinks', 'drinks', NULL, 0, 3, 'No', NULL, 2, 'Enabled', 1, 1, '2025-09-02 02:50:28', '2025-09-22 18:24:23'),
(6, 'menu_items', 'Street Snacks', 'street-snacks', NULL, 4, 3, 'No', NULL, 1, 'Enabled', 1, 1, '2025-09-02 02:51:53', '2025-09-22 18:24:23'),
(7, 'menu_items', 'Thali', 'thali', NULL, 4, 3, 'No', NULL, 2, 'Enabled', 1, 1, '2025-09-02 02:52:49', '2025-09-22 18:24:24'),
(8, 'menu_items', 'Kulche', 'kulche', NULL, 4, 3, 'No', NULL, 3, 'Enabled', 1, 1, '2025-09-02 02:53:34', '2025-09-22 18:24:25'),
(10, 'online_orders', 'Dine-In / Take-Out', 'dine-in-take-out', 'Group-10-1756877292.jpg', 0, 3, 'No', NULL, 0, 'Enabled', 1, 1, '2025-09-02 19:21:30', '2025-09-02 19:58:12'),
(12, 'order_by_tray', 'Lorem Ipsum', 'lorem-ipsum', 'Group-10-1756998001.jpg', 0, 3, 'No', NULL, 1, 'Enabled', 1, 1, '2025-09-04 05:29:23', '2025-09-04 05:30:01'),
(14, 'catering_packages', 'Lorem Ipsum', 'lorem-ipsum', NULL, 0, 3, NULL, NULL, 0, 'Enabled', 1, 1, '2025-09-19 19:30:27', '2025-09-19 21:55:36'),
(15, 'order_by_tray', 'Lorem Ipsum2', 'lorem-ipsum2', NULL, 0, 1, NULL, NULL, 0, 'Enabled', 1, 1, '2025-09-22 18:00:44', '2025-09-22 18:00:44'),
(16, 'menu_items', 'Lorem Ipsum', 'lorem-ipsum', NULL, 0, 1, 'No', NULL, 0, 'Enabled', 1, 1, '2025-09-22 18:13:37', '2025-09-22 18:24:25'),
(17, 'online_orders', 'Lorem Ipsum', 'lorem-ipsum', NULL, 0, 1, 'No', NULL, 0, 'Enabled', 1, 1, '2025-09-22 18:30:59', '2025-09-22 18:30:59'),
(18, 'catering_packages', 'Lorem Ipsum2', 'lorem-ipsum2', NULL, 0, 1, NULL, NULL, 0, 'Enabled', 1, 1, '2025-09-22 18:33:02', '2025-09-22 18:33:02'),
(19, 'outdoor_catering', 'Lorem Ipsum', 'lorem-ipsum', NULL, 0, 3, NULL, 'Yes', 1, 'Enabled', 1, 1, '2025-09-29 08:36:54', '2025-09-29 10:08:39'),
(20, 'outdoor_catering', 'Lorem Ipsum 2', 'lorem-ipsum-2', NULL, 19, 3, NULL, 'Yes', 2, 'Enabled', 1, 1, '2025-09-29 08:42:49', '2025-09-29 10:08:37'),
(21, 'sweets', 'Lorem Ipsum', 'lorem-ipsum', 'Group-10-1759205802.jpg', 0, 3, 'Yes', NULL, 1, 'Enabled', 1, 1, '2025-09-29 23:27:31', '2025-09-30 00:16:42'),
(22, 'cakes', 'Lorem Ipsum', 'lorem-ipsum', 'Group-10-1759300385.jpg', 0, 3, 'Yes', NULL, 1, 'Enabled', 1, 1, '2025-10-01 02:30:54', '2025-10-01 02:33:05'),
(23, 'cakes', 'Lorem Ipsum 2', 'lorem-ipsum-2', 'Group-10-1759312464.jpg', 0, 1, 'Yes', NULL, 1, 'Enabled', 1, 1, '2025-10-01 05:54:25', '2025-10-01 08:05:45');

-- --------------------------------------------------------

--
-- Table structure for table `rbs_catering_package`
--

CREATE TABLE `rbs_catering_package` (
  `cp_id` int UNSIGNED NOT NULL,
  `title` varchar(255) CHARACTER SET utf8mb4 COLLATE utf8mb4_unicode_ci NOT NULL,
  `slug` varchar(255) CHARACTER SET utf8mb4 COLLATE utf8mb4_unicode_ci NOT NULL,
  `description` text CHARACTER SET utf8mb4 COLLATE utf8mb4_unicode_ci,
  `price` decimal(10,2) NOT NULL DEFAULT '0.00',
  `minimum_people` int NOT NULL DEFAULT '0',
  `location_id` int NOT NULL DEFAULT '0',
  `c_order` int NOT NULL DEFAULT '0',
  `status` enum('Enabled','Disabled') CHARACTER SET utf8mb4 COLLATE utf8mb4_unicode_ci NOT NULL DEFAULT 'Enabled',
  `created_id` int NOT NULL DEFAULT '0',
  `updated_id` int NOT NULL DEFAULT '0',
  `created_at` timestamp NULL DEFAULT NULL,
  `updated_at` timestamp NULL DEFAULT NULL
) ENGINE=InnoDB DEFAULT CHARSET=utf8mb4 COLLATE=utf8mb4_unicode_ci;

--
-- Dumping data for table `rbs_catering_package`
--

INSERT INTO `rbs_catering_package` (`cp_id`, `title`, `slug`, `description`, `price`, `minimum_people`, `location_id`, `c_order`, `status`, `created_id`, `updated_id`, `created_at`, `updated_at`) VALUES
(2, 'Lorem Ipsum', 'lorem-ipsum', '<p>erer b ehregrhe ehrgeh</p>', 23.00, 3, 3, 1, 'Enabled', 1, 1, '2025-09-21 19:15:31', '2025-09-21 19:15:39'),
(3, 'Lorem Ipsum', 'lorem-ipsum', NULL, 23.00, 43, 1, 0, 'Enabled', 1, 1, '2025-09-21 19:16:04', '2025-09-21 19:16:04');

-- --------------------------------------------------------

--
-- Table structure for table `rbs_catering_package_specification`
--

CREATE TABLE `rbs_catering_package_specification` (
  `cps_id` int UNSIGNED NOT NULL,
  `cp_id` int NOT NULL DEFAULT '0',
  `location_id` int NOT NULL DEFAULT '0',
  `category_id` int NOT NULL DEFAULT '0',
  `item_id` int NOT NULL DEFAULT '0',
  `item_type` enum('Default','Additional') CHARACTER SET utf8mb4 COLLATE utf8mb4_unicode_ci NOT NULL DEFAULT 'Default',
  `minimum_people` int NOT NULL DEFAULT '0',
  `upgrade_price` decimal(10,2) NOT NULL DEFAULT '0.00',
  `group_items` int NOT NULL DEFAULT '0',
  `c_order` int NOT NULL DEFAULT '0',
  `status` enum('Enabled','Disabled') CHARACTER SET utf8mb4 COLLATE utf8mb4_unicode_ci NOT NULL DEFAULT 'Enabled',
  `created_id` int NOT NULL DEFAULT '0',
  `updated_id` int NOT NULL DEFAULT '0',
  `created_at` timestamp NULL DEFAULT NULL,
  `updated_at` timestamp NULL DEFAULT NULL
) ENGINE=InnoDB DEFAULT CHARSET=utf8mb4 COLLATE=utf8mb4_unicode_ci;

--
-- Dumping data for table `rbs_catering_package_specification`
--

INSERT INTO `rbs_catering_package_specification` (`cps_id`, `cp_id`, `location_id`, `category_id`, `item_id`, `item_type`, `minimum_people`, `upgrade_price`, `group_items`, `c_order`, `status`, `created_id`, `updated_id`, `created_at`, `updated_at`) VALUES
(1, 3, 3, 14, 10, 'Default', 12, 0.00, 3, 1, 'Enabled', 1, 1, '2025-09-21 22:20:00', '2025-09-23 05:04:36'),
(3, 3, 3, 14, 12, 'Additional', 50, 2.00, 3, 2, 'Enabled', 1, 1, '2025-09-22 03:00:11', '2025-09-23 05:02:38');

-- --------------------------------------------------------

--
-- Table structure for table `rbs_country`
--

CREATE TABLE `rbs_country` (
  `country_id` int UNSIGNED NOT NULL,
  `country_name` varchar(255) CHARACTER SET utf8mb4 COLLATE utf8mb4_unicode_ci NOT NULL,
  `country_code` varchar(10) CHARACTER SET utf8mb4 COLLATE utf8mb4_unicode_ci NOT NULL,
  `country_image` varchar(255) CHARACTER SET utf8mb4 COLLATE utf8mb4_unicode_ci DEFAULT NULL,
  `currency_name` varchar(128) CHARACTER SET utf8mb4 COLLATE utf8mb4_unicode_ci DEFAULT NULL,
  `currency_code` varchar(10) CHARACTER SET utf8mb4 COLLATE utf8mb4_unicode_ci DEFAULT NULL,
  `status` enum('Enabled','Disabled') CHARACTER SET utf8mb4 COLLATE utf8mb4_unicode_ci NOT NULL DEFAULT 'Enabled',
  `created_id` int NOT NULL DEFAULT '0',
  `updated_id` int NOT NULL DEFAULT '0',
  `created_at` timestamp NULL DEFAULT NULL,
  `updated_at` timestamp NULL DEFAULT NULL
) ENGINE=InnoDB DEFAULT CHARSET=utf8mb4 COLLATE=utf8mb4_unicode_ci;

--
-- Dumping data for table `rbs_country`
--

INSERT INTO `rbs_country` (`country_id`, `country_name`, `country_code`, `country_image`, `currency_name`, `currency_code`, `status`, `created_id`, `updated_id`, `created_at`, `updated_at`) VALUES
(4, 'Egyptian', 'Egyptian', 'Egyptian-1755847680.jpg', NULL, NULL, 'Disabled', 1, 1, '2025-08-11 10:26:49', '2025-09-02 02:20:03'),
(5, 'India', 'IND', 'india-1754912585.jpg', 'INR', 'INR', 'Enabled', 1, 1, '2025-08-11 11:43:05', '2025-08-11 13:02:53'),
(8, 'German', 'GMN', 'Group-10-1755918106.jpg', NULL, NULL, 'Enabled', 1, 1, '2025-08-22 02:04:26', '2025-08-22 17:31:46');

-- --------------------------------------------------------

--
-- Table structure for table `rbs_coupons`
--

CREATE TABLE `rbs_coupons` (
  `coupon_id` int UNSIGNED NOT NULL,
  `code` varchar(60) COLLATE utf8mb4_unicode_ci NOT NULL,
  `type` enum('Fixed','Percentage') CHARACTER SET utf8mb4 COLLATE utf8mb4_unicode_ci NOT NULL DEFAULT 'Fixed',
  `discount_value` decimal(10,2) NOT NULL DEFAULT '0.00',
  `min_order_amount` decimal(10,2) NOT NULL DEFAULT '0.00',
  `start_datetime` datetime DEFAULT NULL,
  `end_datetime` datetime DEFAULT NULL,
  `usage_limit` int NOT NULL DEFAULT '0',
  `usage_limit_per_user` int NOT NULL DEFAULT '0',
  `location_id` int NOT NULL DEFAULT '0',
  `status` enum('Enabled','Disabled') COLLATE utf8mb4_unicode_ci NOT NULL DEFAULT 'Enabled',
  `created_id` int NOT NULL DEFAULT '0',
  `updated_id` int NOT NULL DEFAULT '0',
  `created_at` timestamp NULL DEFAULT NULL,
  `updated_at` timestamp NULL DEFAULT NULL
) ENGINE=InnoDB DEFAULT CHARSET=utf8mb4 COLLATE=utf8mb4_unicode_ci;

--
-- Dumping data for table `rbs_coupons`
--

INSERT INTO `rbs_coupons` (`coupon_id`, `code`, `type`, `discount_value`, `min_order_amount`, `start_datetime`, `end_datetime`, `usage_limit`, `usage_limit_per_user`, `location_id`, `status`, `created_id`, `updated_id`, `created_at`, `updated_at`) VALUES
(1, 'SALE20', 'Percentage', 20.00, 0.00, NULL, NULL, 0, 0, 1, 'Enabled', 1, 1, '2025-10-23 07:02:06', '2025-10-23 07:11:15'),
(3, 'SALE20', 'Percentage', 20.00, 0.00, NULL, NULL, 0, 0, 3, 'Enabled', 1, 1, '2025-10-23 07:14:43', '2025-10-23 07:14:43'),
(5, 'SALE250', 'Fixed', 250.00, 5000.00, '2025-10-25 12:00:00', '2025-10-31 12:00:00', 500, 1, 1, 'Disabled', 1, 1, '2025-10-23 07:25:35', '2025-10-24 08:52:20');

-- --------------------------------------------------------

--
-- Table structure for table `rbs_custom_field`
--

CREATE TABLE `rbs_custom_field` (
  `custom_field_id` int UNSIGNED NOT NULL,
  `field_name` varchar(128) COLLATE utf8mb4_unicode_ci NOT NULL,
  `label` varchar(128) COLLATE utf8mb4_unicode_ci NOT NULL,
  `type` enum('text','textarea','editor','image','file','dropdown','checkbox','radio_button') CHARACTER SET utf8mb4 COLLATE utf8mb4_unicode_ci NOT NULL,
  `options_label` text CHARACTER SET utf8mb4 COLLATE utf8mb4_unicode_ci COMMENT 'Stores labels in ARRAY format.',
  `options_value` text CHARACTER SET utf8mb4 COLLATE utf8mb4_unicode_ci COMMENT 'Stores values in ARRAY format.',
  `field_placeholder` varchar(128) COLLATE utf8mb4_unicode_ci DEFAULT NULL,
  `field_information` text COLLATE utf8mb4_unicode_ci,
  `note` varchar(255) COLLATE utf8mb4_unicode_ci DEFAULT NULL,
  `required` enum('false','true') CHARACTER SET utf8mb4 COLLATE utf8mb4_unicode_ci NOT NULL DEFAULT 'false',
  `c_order` int NOT NULL DEFAULT '0',
  `status` enum('Enabled','Disabled') COLLATE utf8mb4_unicode_ci NOT NULL DEFAULT 'Enabled',
  `created_id` int NOT NULL DEFAULT '0',
  `updated_id` int NOT NULL DEFAULT '0',
  `created_at` timestamp NULL DEFAULT NULL,
  `updated_at` timestamp NULL DEFAULT NULL
) ENGINE=InnoDB DEFAULT CHARSET=utf8mb4 COLLATE=utf8mb4_unicode_ci;

--
-- Dumping data for table `rbs_custom_field`
--

INSERT INTO `rbs_custom_field` (`custom_field_id`, `field_name`, `label`, `type`, `options_label`, `options_value`, `field_placeholder`, `field_information`, `note`, `required`, `c_order`, `status`, `created_id`, `updated_id`, `created_at`, `updated_at`) VALUES
(5, 'image', 'Brand Logo Image', 'image', NULL, NULL, NULL, NULL, NULL, 'true', 2, 'Enabled', 1, 1, '2025-10-17 10:39:32', '2025-10-22 01:09:37'),
(6, 'text', 'Brand Name', 'text', NULL, NULL, NULL, NULL, NULL, 'true', 1, 'Enabled', 1, 1, '2025-10-17 10:39:52', '2025-10-18 06:41:47');

-- --------------------------------------------------------

--
-- Table structure for table `rbs_custom_field_group`
--

CREATE TABLE `rbs_custom_field_group` (
  `cf_group_id` int UNSIGNED NOT NULL,
  `group_name` varchar(128) COLLATE utf8mb4_unicode_ci NOT NULL,
  `c_order` int NOT NULL DEFAULT '0',
  `status` enum('Enabled','Disabled') COLLATE utf8mb4_unicode_ci NOT NULL DEFAULT 'Enabled',
  `created_id` int NOT NULL DEFAULT '0',
  `updated_id` int NOT NULL DEFAULT '0',
  `created_at` timestamp NULL DEFAULT NULL,
  `updated_at` timestamp NULL DEFAULT NULL
) ENGINE=InnoDB DEFAULT CHARSET=utf8mb4 COLLATE=utf8mb4_unicode_ci;

--
-- Dumping data for table `rbs_custom_field_group`
--

INSERT INTO `rbs_custom_field_group` (`cf_group_id`, `group_name`, `c_order`, `status`, `created_id`, `updated_id`, `created_at`, `updated_at`) VALUES
(2, 'Home Template Group', 1, 'Enabled', 1, 1, '2025-10-16 03:38:26', '2025-10-18 06:43:13');

-- --------------------------------------------------------

--
-- Table structure for table `rbs_custom_field_group_custom_field`
--

CREATE TABLE `rbs_custom_field_group_custom_field` (
  `cfgc_field_id` bigint UNSIGNED NOT NULL,
  `cf_group_id` int NOT NULL,
  `custom_field_id` int NOT NULL,
  `created_id` int NOT NULL DEFAULT '0',
  `updated_id` int NOT NULL DEFAULT '0',
  `created_at` timestamp NULL DEFAULT NULL,
  `updated_at` timestamp NULL DEFAULT NULL,
  `deleted_at` timestamp NULL DEFAULT NULL
) ENGINE=InnoDB DEFAULT CHARSET=utf8mb4 COLLATE=utf8mb4_unicode_ci;

--
-- Dumping data for table `rbs_custom_field_group_custom_field`
--

INSERT INTO `rbs_custom_field_group_custom_field` (`cfgc_field_id`, `cf_group_id`, `custom_field_id`, `created_id`, `updated_id`, `created_at`, `updated_at`, `deleted_at`) VALUES
(8, 2, 5, 1, 1, '2025-10-22 00:24:25', '2025-10-22 01:10:21', NULL),
(9, 2, 6, 1, 1, '2025-10-22 00:24:25', '2025-10-22 01:10:21', NULL);

-- --------------------------------------------------------

--
-- Table structure for table `rbs_custom_field_group_template`
--

CREATE TABLE `rbs_custom_field_group_template` (
  `cfg_template_id` bigint UNSIGNED NOT NULL,
  `cf_group_id` int NOT NULL,
  `template_id` int NOT NULL,
  `created_id` int NOT NULL DEFAULT '0',
  `updated_id` int NOT NULL DEFAULT '0',
  `created_at` timestamp NULL DEFAULT NULL,
  `updated_at` timestamp NULL DEFAULT NULL,
  `deleted_at` timestamp NULL DEFAULT NULL
) ENGINE=InnoDB DEFAULT CHARSET=utf8mb4 COLLATE=utf8mb4_unicode_ci;

--
-- Dumping data for table `rbs_custom_field_group_template`
--

INSERT INTO `rbs_custom_field_group_template` (`cfg_template_id`, `cf_group_id`, `template_id`, `created_id`, `updated_id`, `created_at`, `updated_at`, `deleted_at`) VALUES
(2, 2, 1, 1, 1, '2025-10-16 03:38:26', '2025-10-22 01:10:21', NULL);

-- --------------------------------------------------------

--
-- Table structure for table `rbs_custom_field_value`
--

CREATE TABLE `rbs_custom_field_value` (
  `cf_value_id` bigint UNSIGNED NOT NULL,
  `module_id` int NOT NULL,
  `template_id` int NOT NULL,
  `cf_group_id` int NOT NULL COMMENT 'int, ID of custom_field_group table',
  `custom_field_id` int NOT NULL,
  `record_id` int NOT NULL COMMENT 'int, ID of page/project/etc.',
  `value` longtext COLLATE utf8mb4_unicode_ci,
  `created_id` int NOT NULL DEFAULT '0',
  `updated_id` int NOT NULL DEFAULT '0',
  `created_at` timestamp NULL DEFAULT NULL,
  `updated_at` timestamp NULL DEFAULT NULL,
  `deleted_at` timestamp NULL DEFAULT NULL
) ENGINE=InnoDB DEFAULT CHARSET=utf8mb4 COLLATE=utf8mb4_unicode_ci;

--
-- Dumping data for table `rbs_custom_field_value`
--

INSERT INTO `rbs_custom_field_value` (`cf_value_id`, `module_id`, `template_id`, `cf_group_id`, `custom_field_id`, `record_id`, `value`, `created_id`, `updated_id`, `created_at`, `updated_at`, `deleted_at`) VALUES
(1, 7, 1, 2, 6, 3, 'Lorem Ipsum', 1, 1, '2025-10-22 00:26:04', '2025-10-22 00:26:04', NULL),
(2, 7, 1, 2, 5, 3, 'logo-1761107164.webp', 1, 1, '2025-10-22 00:26:04', '2025-10-22 00:26:04', NULL),
(5, 7, 1, 2, 6, 4, 'Lorem Ipsum', 1, 1, '2025-10-22 09:16:52', '2025-10-22 09:16:52', NULL),
(6, 7, 1, 2, 5, 4, 'diwali-flyer-october-2025-1761139012.jpg', 1, 1, '2025-10-22 09:16:52', '2025-10-22 09:16:52', NULL);

-- --------------------------------------------------------

--
-- Table structure for table `rbs_delivery_partners`
--

CREATE TABLE `rbs_delivery_partners` (
  `dp_id` int UNSIGNED NOT NULL,
  `company_name` varchar(255) COLLATE utf8mb4_unicode_ci DEFAULT NULL,
  `logo` varchar(255) COLLATE utf8mb4_unicode_ci DEFAULT NULL,
  `link` varchar(128) COLLATE utf8mb4_unicode_ci DEFAULT NULL,
  `location_id` int NOT NULL DEFAULT '0',
  `c_order` int NOT NULL DEFAULT '0',
  `status` enum('Enabled','Disabled') COLLATE utf8mb4_unicode_ci NOT NULL DEFAULT 'Enabled',
  `created_id` int NOT NULL DEFAULT '0',
  `updated_id` int NOT NULL DEFAULT '0',
  `created_at` timestamp NULL DEFAULT NULL,
  `updated_at` timestamp NULL DEFAULT NULL
) ENGINE=InnoDB DEFAULT CHARSET=utf8mb4 COLLATE=utf8mb4_unicode_ci;

--
-- Dumping data for table `rbs_delivery_partners`
--

INSERT INTO `rbs_delivery_partners` (`dp_id`, `company_name`, `logo`, `link`, `location_id`, `c_order`, `status`, `created_id`, `updated_id`, `created_at`, `updated_at`) VALUES
(1, 'Lorem Ipsum', 'demo-1761743909.jpg', 'http://localhost:2', 3, 1, 'Enabled', 1, 1, '2025-10-29 08:59:28', '2025-10-29 09:18:29');

-- --------------------------------------------------------

--
-- Table structure for table `rbs_email_template`
--

CREATE TABLE `rbs_email_template` (
  `et_id` int UNSIGNED NOT NULL,
  `subject` varchar(128) COLLATE utf8mb4_unicode_ci NOT NULL,
  `message_template_type` enum('Body','Full') COLLATE utf8mb4_unicode_ci NOT NULL DEFAULT 'Body',
  `message_template` text CHARACTER SET utf8mb4 COLLATE utf8mb4_unicode_ci NOT NULL,
  `from_name` varchar(128) COLLATE utf8mb4_unicode_ci DEFAULT NULL,
  `from_email` varchar(128) COLLATE utf8mb4_unicode_ci DEFAULT NULL,
  `to_emails` text COLLATE utf8mb4_unicode_ci,
  `cc_emails` text COLLATE utf8mb4_unicode_ci,
  `bcc_emails` text COLLATE utf8mb4_unicode_ci,
  `location_id` int NOT NULL DEFAULT '0',
  `created_id` int NOT NULL DEFAULT '0',
  `updated_id` int NOT NULL DEFAULT '0',
  `created_at` timestamp NULL DEFAULT NULL,
  `updated_at` timestamp NULL DEFAULT NULL
) ENGINE=InnoDB DEFAULT CHARSET=utf8mb4 COLLATE=utf8mb4_unicode_ci;



-- --------------------------------------------------------

--
-- Table structure for table `rbs_failed_jobs`
--

CREATE TABLE `rbs_failed_jobs` (
  `id` bigint UNSIGNED NOT NULL,
  `uuid` varchar(255) CHARACTER SET utf8mb4 COLLATE utf8mb4_unicode_ci NOT NULL,
  `connection` text CHARACTER SET utf8mb4 COLLATE utf8mb4_unicode_ci NOT NULL,
  `queue` text CHARACTER SET utf8mb4 COLLATE utf8mb4_unicode_ci NOT NULL,
  `payload` longtext CHARACTER SET utf8mb4 COLLATE utf8mb4_unicode_ci NOT NULL,
  `exception` longtext CHARACTER SET utf8mb4 COLLATE utf8mb4_unicode_ci NOT NULL,
  `failed_at` timestamp NOT NULL DEFAULT CURRENT_TIMESTAMP
) ENGINE=InnoDB DEFAULT CHARSET=utf8mb4 COLLATE=utf8mb4_unicode_ci;

-- --------------------------------------------------------

--
-- Table structure for table `rbs_galleries`
--

CREATE TABLE `rbs_galleries` (
  `gallery_id` int UNSIGNED NOT NULL,
  `title` varchar(255) COLLATE utf8mb4_unicode_ci NOT NULL,
  `slug` varchar(255) COLLATE utf8mb4_unicode_ci NOT NULL,
  `cover_image` varchar(255) COLLATE utf8mb4_unicode_ci DEFAULT NULL,
  `location_id` int NOT NULL DEFAULT '0',
  `c_order` int NOT NULL DEFAULT '0',
  `status` enum('Enabled','Disabled') COLLATE utf8mb4_unicode_ci NOT NULL DEFAULT 'Enabled',
  `created_id` int NOT NULL DEFAULT '0',
  `updated_id` int NOT NULL DEFAULT '0',
  `created_at` timestamp NULL DEFAULT NULL,
  `updated_at` timestamp NULL DEFAULT NULL
) ENGINE=InnoDB DEFAULT CHARSET=utf8mb4 COLLATE=utf8mb4_unicode_ci;

--
-- Dumping data for table `rbs_galleries`
--

INSERT INTO `rbs_galleries` (`gallery_id`, `title`, `slug`, `cover_image`, `location_id`, `c_order`, `status`, `created_id`, `updated_id`, `created_at`, `updated_at`) VALUES
(3, 'Lorem Ipsum', 'lorem-ipsum', 'Group-10-1761881685.jpg', 3, 1, 'Enabled', 1, 1, '2025-10-30 23:34:45', '2025-10-31 11:18:37');

-- --------------------------------------------------------

--
-- Table structure for table `rbs_gallery_items`
--

CREATE TABLE `rbs_gallery_items` (
  `gallery_item_id` int UNSIGNED NOT NULL,
  `gallery_id` int NOT NULL,
  `type` enum('Image') COLLATE utf8mb4_unicode_ci NOT NULL DEFAULT 'Image',
  `image` varchar(255) COLLATE utf8mb4_unicode_ci DEFAULT NULL,
  `popup_image` varchar(255) COLLATE utf8mb4_unicode_ci DEFAULT NULL,
  `title` varchar(255) COLLATE utf8mb4_unicode_ci DEFAULT NULL,
  `location_id` int NOT NULL DEFAULT '0',
  `c_order` int NOT NULL DEFAULT '0',
  `status` enum('Enabled','Disabled') COLLATE utf8mb4_unicode_ci NOT NULL DEFAULT 'Enabled',
  `created_id` int NOT NULL DEFAULT '0',
  `updated_id` int NOT NULL DEFAULT '0',
  `created_at` timestamp NULL DEFAULT NULL,
  `updated_at` timestamp NULL DEFAULT NULL
) ENGINE=InnoDB DEFAULT CHARSET=utf8mb4 COLLATE=utf8mb4_unicode_ci;

--
-- Dumping data for table `rbs_gallery_items`
--

INSERT INTO `rbs_gallery_items` (`gallery_item_id`, `gallery_id`, `type`, `image`, `popup_image`, `title`, `location_id`, `c_order`, `status`, `created_id`, `updated_id`, `created_at`, `updated_at`) VALUES
(3, 3, 'Image', 'Group-10-1761881703.jpg', 'Group-10-1761881703.jpg', 'Lorem Ipsum', 3, 1, 'Enabled', 1, 1, '2025-10-30 23:35:03', '2025-10-31 11:18:49'),
(4, 3, 'Image', 'demo-1761881718.jpg', 'demo-1761881718.jpg', 'Lorem Ipsum', 3, 2, 'Enabled', 1, 1, '2025-10-30 23:35:18', '2025-10-31 11:18:50');

-- --------------------------------------------------------

--
-- Table structure for table `rbs_item`
--

CREATE TABLE `rbs_item` (
  `item_id` int UNSIGNED NOT NULL,
  `module` enum('default','menu_items','online_orders','order_by_tray','catering_packages','outdoor_catering','sweets','cakes','gift_cards') CHARACTER SET utf8mb4 COLLATE utf8mb4_unicode_ci NOT NULL DEFAULT 'default',
  `title` varchar(255) CHARACTER SET utf8mb4 COLLATE utf8mb4_unicode_ci NOT NULL,
  `slug` varchar(255) CHARACTER SET utf8mb4 COLLATE utf8mb4_unicode_ci NOT NULL,
  `description` text CHARACTER SET utf8mb4 COLLATE utf8mb4_unicode_ci,
  `image` varchar(255) CHARACTER SET utf8mb4 COLLATE utf8mb4_unicode_ci DEFAULT NULL,
  `price` decimal(10,2) NOT NULL DEFAULT '0.00',
  `code` varchar(50) CHARACTER SET utf8mb4 COLLATE utf8mb4_unicode_ci NOT NULL,
  `category_id` int NOT NULL DEFAULT '0',
  `location_id` int NOT NULL DEFAULT '0',
  `show_on_homepage` enum('','No','Yes') CHARACTER SET utf8mb4 COLLATE utf8mb4_unicode_ci DEFAULT NULL,
  `c_order` int NOT NULL DEFAULT '0',
  `status` enum('Enabled','Disabled') CHARACTER SET utf8mb4 COLLATE utf8mb4_unicode_ci NOT NULL DEFAULT 'Enabled',
  `created_id` int NOT NULL DEFAULT '0',
  `updated_id` int NOT NULL DEFAULT '0',
  `created_at` timestamp NULL DEFAULT NULL,
  `updated_at` timestamp NULL DEFAULT NULL
) ENGINE=InnoDB DEFAULT CHARSET=utf8mb4 COLLATE=utf8mb4_unicode_ci;

--
-- Dumping data for table `rbs_item`
--

INSERT INTO `rbs_item` (`item_id`, `module`, `title`, `slug`, `description`, `image`, `price`, `code`, `category_id`, `location_id`, `show_on_homepage`, `c_order`, `status`, `created_id`, `updated_id`, `created_at`, `updated_at`) VALUES
(1, 'menu_items', 'Lorem Ipsun', 'lorem-ipsun', NULL, NULL, 12.00, 'ewewew-ewew', 8, 3, 'No', 0, 'Enabled', 1, 1, '2025-09-02 05:11:33', '2025-09-02 05:11:56'),
(2, 'menu_items', 'Lorem Ipsun', 'lorem-ipsun-2', NULL, NULL, 12.00, 'ghdghf6346356', 4, 3, 'No', 0, 'Enabled', 1, 1, '2025-09-02 06:07:39', '2025-09-02 06:07:39'),
(6, 'online_orders', 'Lorem Ipsun', 'lorem-ipsun', NULL, 'Group-10-1756879828.jpg', 12.00, 'Lorem-Ipsun', 10, 3, 'Yes', 1, 'Enabled', 1, 1, '2025-09-02 20:40:28', '2025-09-02 20:40:39'),
(8, 'order_by_tray', 'Lorem Ipsum', 'lorem-ipsum', NULL, NULL, 0.00, 'Lorem-Ipsun', 12, 3, NULL, 1, 'Enabled', 1, 1, '2025-09-04 17:43:47', '2025-09-04 17:43:47'),
(9, 'order_by_tray', 'Lorem Ipsun 2', 'lorem-ipsun-2', NULL, NULL, 0.00, 'Lorem-Ipsun-2', 15, 1, NULL, 0, 'Enabled', 1, 1, '2025-09-05 04:37:04', '2025-09-22 18:01:08'),
(10, 'catering_packages', 'Lorem Ipsum', 'lorem-ipsum', NULL, NULL, 0.00, 'Lorem-Ipsun', 14, 3, NULL, 0, 'Enabled', 1, 1, '2025-09-19 21:30:42', '2025-09-19 21:30:42'),
(12, 'catering_packages', 'Lorem Ipsum2', 'lorem-ipsum2', NULL, NULL, 0.00, 'Lorem-Ipsun2', 14, 3, NULL, 0, 'Enabled', 1, 1, '2025-09-22 02:48:31', '2025-09-22 02:48:31'),
(13, 'outdoor_catering', 'Lorem Ipsum', 'lorem-ipsum', NULL, NULL, 0.00, 'Lorem-Ipsum', 19, 3, NULL, 1, 'Enabled', 1, 1, '2025-09-29 09:04:55', '2025-09-30 10:12:55'),
(14, 'sweets', 'Lorem Ipsum', 'lorem-ipsum', '<p>ashasha asagfsg</p>', 'Group-10-1759314058.jpg', 12.00, 'Lorem-Ipsun', 21, 3, 'Yes', 1, 'Enabled', 1, 1, '2025-09-30 00:46:20', '2025-10-01 06:20:58'),
(15, 'cakes', 'Lorem Ipsum', 'lorem-ipsum', '<p>Hello </p>', 'Group-10-1759312602.jpg', 12.00, 'Lorem-Ipsun', 23, 1, 'Yes', 1, 'Enabled', 1, 1, '2025-10-01 05:56:42', '2025-10-01 10:28:13'),
(16, 'cakes', 'Lorem Ipsum 2', 'lorem-ipsum-2', NULL, 'Group-10-1759316608.jpg', 12.00, 'Lorem-Ipsun-2', 23, 1, 'No', 2, 'Disabled', 1, 1, '2025-10-01 07:03:28', '2025-10-31 01:36:17'),
(17, 'gift_cards', 'Lorem Ipsum', 'lorem-ipsum', '<p>hshds dshdgshd sdhsghds</p>', 'Group-10-1759373849.jpg', 12.00, 'Lorem-Ipsun', 0, 1, 'Yes', 1, 'Enabled', 1, 1, '2025-10-01 22:56:29', '2025-10-01 22:57:29'),
(18, 'menu_items', 'Lorem Ipsum', 'lorem-ipsum', '<p><br></p>', NULL, 12.00, 'Lorem-Ipsun', 16, 1, 'Yes', 0, 'Enabled', 1, 1, '2025-10-03 01:00:50', '2025-10-03 01:00:50');

-- --------------------------------------------------------

--
-- Table structure for table `rbs_location`
--

CREATE TABLE `rbs_location` (
  `location_id` int UNSIGNED NOT NULL,
  `country_id` int NOT NULL DEFAULT '0',
  `location_name` varchar(255) CHARACTER SET utf8mb4 COLLATE utf8mb4_unicode_ci NOT NULL,
  `slug` varchar(255) CHARACTER SET utf8mb4 COLLATE utf8mb4_unicode_ci NOT NULL,
  `description` text CHARACTER SET utf8mb4 COLLATE utf8mb4_unicode_ci,
  `address` text CHARACTER SET utf8mb4 COLLATE utf8mb4_unicode_ci,
  `contact_number` text CHARACTER SET utf8mb4 COLLATE utf8mb4_unicode_ci,
  `email` varchar(100) CHARACTER SET utf8mb4 COLLATE utf8mb4_unicode_ci DEFAULT NULL,
  `google_map_iframe` text CHARACTER SET utf8mb4 COLLATE utf8mb4_unicode_ci,
  `image` varchar(255) CHARACTER SET utf8mb4 COLLATE utf8mb4_unicode_ci DEFAULT NULL,
  `copyright_text` varchar(128) CHARACTER SET utf8mb4 COLLATE utf8mb4_unicode_ci DEFAULT NULL,
  `hours` text CHARACTER SET utf8mb4 COLLATE utf8mb4_unicode_ci,
  `gst` decimal(5,2) DEFAULT NULL,
  `pst` decimal(5,2) DEFAULT NULL,
  `hst` decimal(5,2) DEFAULT NULL,
  `default_location` enum('No','Yes') CHARACTER SET utf8mb4 COLLATE utf8mb4_unicode_ci NOT NULL DEFAULT 'No',
  `c_order` int NOT NULL DEFAULT '0',
  `status` enum('Enabled','Disabled') CHARACTER SET utf8mb4 COLLATE utf8mb4_unicode_ci NOT NULL DEFAULT 'Enabled',
  `created_id` int NOT NULL DEFAULT '0',
  `updated_id` int NOT NULL DEFAULT '0',
  `created_at` timestamp NULL DEFAULT NULL,
  `updated_at` timestamp NULL DEFAULT NULL
) ENGINE=InnoDB DEFAULT CHARSET=utf8mb4 COLLATE=utf8mb4_unicode_ci;

--
-- Dumping data for table `rbs_location`
--

INSERT INTO `rbs_location` (`location_id`, `country_id`, `location_name`, `slug`, `description`, `address`, `contact_number`, `email`, `google_map_iframe`, `image`, `copyright_text`, `hours`, `gst`, `pst`, `hst`, `default_location`, `c_order`, `status`, `created_id`, `updated_id`, `created_at`, `updated_at`) VALUES
(1, 5, 'Kolkata', 'kolkata', NULL, NULL, NULL, NULL, NULL, 'Group-10-1755088213.jpg', NULL, NULL, NULL, NULL, NULL, 'No', 1, 'Enabled', 1, 1, '2025-08-13 04:07:51', '2025-08-27 17:42:06'),
(3, 5, 'New Delhi', 'new-delhi', NULL, NULL, NULL, NULL, NULL, NULL, NULL, NULL, NULL, NULL, NULL, 'Yes', 2, 'Enabled', 1, 1, '2025-08-13 04:15:43', '2025-10-03 01:46:05'),
(4, 5, 'Banglore', 'banglore', NULL, NULL, NULL, NULL, NULL, NULL, NULL, NULL, NULL, NULL, NULL, 'No', 3, 'Enabled', 1, 1, '2025-08-12 20:00:33', '2025-10-02 23:44:07');

-- --------------------------------------------------------

--
-- Table structure for table `rbs_location_admin_user`
--

CREATE TABLE `rbs_location_admin_user` (
  `location_admin_user_id` bigint UNSIGNED NOT NULL,
  `location_id` int NOT NULL,
  `admin_id` int NOT NULL,
  `created_id` int NOT NULL DEFAULT '0',
  `updated_id` int NOT NULL DEFAULT '0',
  `created_at` timestamp NULL DEFAULT NULL,
  `updated_at` timestamp NULL DEFAULT NULL,
  `deleted_at` timestamp NULL DEFAULT NULL
) ENGINE=InnoDB DEFAULT CHARSET=utf8mb4 COLLATE=utf8mb4_unicode_ci;

--
-- Dumping data for table `rbs_location_admin_user`
--

INSERT INTO `rbs_location_admin_user` (`location_admin_user_id`, `location_id`, `admin_id`, `created_id`, `updated_id`, `created_at`, `updated_at`, `deleted_at`) VALUES
(16, 1, 4, 1, 1, '2025-08-22 01:54:48', '2025-09-02 03:46:35', NULL),
(20, 3, 4, 1, 1, '2025-08-22 22:38:54', '2025-09-02 03:01:18', '2025-09-02 03:01:18'),
(22, 1, 5, 1, 1, '2025-08-27 20:23:07', '2025-09-02 03:46:47', NULL),
(23, 3, 5, 1, 1, '2025-08-27 20:23:07', '2025-09-02 03:46:47', NULL);

-- --------------------------------------------------------

--
-- Table structure for table `rbs_migrations`
--

CREATE TABLE `rbs_migrations` (
  `id` int UNSIGNED NOT NULL,
  `migration` varchar(255) CHARACTER SET utf8mb4 COLLATE utf8mb4_unicode_ci NOT NULL,
  `batch` int NOT NULL
) ENGINE=InnoDB DEFAULT CHARSET=utf8mb4 COLLATE=utf8mb4_unicode_ci;

--
-- Dumping data for table `rbs_migrations`
--

INSERT INTO `rbs_migrations` (`id`, `migration`, `batch`) VALUES
(1, '2014_10_12_100000_create_password_reset_tokens_table', 1),
(2, '2019_08_19_000000_create_failed_jobs_table', 1),
(3, '2019_12_14_000001_create_personal_access_tokens_table', 1),
(4, '2025_07_16_103106_create_admin_table', 1),
(5, '2025_07_16_183311_create_settings_table', 1),
(6, '2025_07_16_200704_create_admin_role_table', 1),
(8, '2025_07_16_201200_create_role_module_method_rights_table', 1),
(9, '2025_07_16_220024_create_module_methods_table', 1),
(10, '2025_07_16_222609_create_module_class_table', 1),
(11, '2025_08_04_103106_create_country_table', 2),
(12, '2025_08_11_103106_create_location_table', 3),
(13, '2025_08_11_201200_create_location_admin_user_table', 3),
(14, '2025_08_16_033725_create_seo_meta_table', 4),
(15, '2025_08_26_023125_create_admin_access_logs_table', 5),
(17, '2025_09_01_103106_create_category_table', 6),
(18, '2025_09_01_103116_create_item_table', 6),
(20, '2025_07_16_200730_create_modules_table', 7),
(21, '2025_09_04_113116_create_order_by_tray_unit_specification_table', 8),
(22, '2025_09_22_103116_create_catering_package_table', 9),
(24, '2025_09_22_113116_create_catering_package_specification_table', 10),
(25, '2025_09_23_103116_create_serving_style_table', 11),
(26, '2025_10_02_103106_create_email_template_table', 12),
(27, '2025_10_08_222112_create_template_table', 13),
(28, '2025_10_13_222112_create_custom_field_table', 14),
(29, '2025_10_16_222112_create_custom_field_group_table', 15),
(30, '2025_10_16_201200_create_custom_field_group_custom_field_table', 16),
(31, '2025_10_16_201200_create_custom_field_group_template_table', 16),
(32, '2025_10_17_103106_create_page_table', 17),
(33, '2025_10_17_201200_create_custom_field_value_table', 17),
(34, '2025_10_22_103106_create_coupons_table', 18),
(35, '2025_10_24_103106_create_testimonials_table', 19),
(36, '2025_10_25_103106_create_banners_table', 20),
(37, '2025_10_29_103106_create_delivery_partners_table', 21),
(38, '2025_10_30_103106_create_galleries_table', 22),
(39, '2025_10_30_103106_create_gallery_items_table', 22);

-- --------------------------------------------------------

--
-- Table structure for table `rbs_modules`
--

CREATE TABLE `rbs_modules` (
  `module_id` int UNSIGNED NOT NULL,
  `class_id` int NOT NULL,
  `has_templates` enum('Yes','No') CHARACTER SET utf8mb4 COLLATE utf8mb4_unicode_ci NOT NULL,
  `title` varchar(128) CHARACTER SET utf8mb4 COLLATE utf8mb4_unicode_ci NOT NULL,
  `label` varchar(255) CHARACTER SET utf8mb4 COLLATE utf8mb4_unicode_ci DEFAULT NULL,
  `info` text CHARACTER SET utf8mb4 COLLATE utf8mb4_unicode_ci,
  `class_name` varchar(191) CHARACTER SET utf8mb4 COLLATE utf8mb4_unicode_ci NOT NULL,
  `is_menu` enum('Yes','No') CHARACTER SET utf8mb4 COLLATE utf8mb4_unicode_ci NOT NULL DEFAULT 'Yes',
  `icon_class` varchar(40) CHARACTER SET utf8mb4 COLLATE utf8mb4_unicode_ci DEFAULT NULL,
  `hot_text` varchar(20) CHARACTER SET utf8mb4 COLLATE utf8mb4_unicode_ci DEFAULT NULL,
  `c_order` int NOT NULL DEFAULT '0',
  `parent_module_id` int NOT NULL DEFAULT '0',
  `status` enum('Enabled','Disabled') CHARACTER SET utf8mb4 COLLATE utf8mb4_unicode_ci NOT NULL DEFAULT 'Enabled'
) ENGINE=InnoDB DEFAULT CHARSET=utf8mb4 COLLATE=utf8mb4_unicode_ci;

--
-- Dumping data for table `rbs_modules`
--

INSERT INTO `rbs_modules` (`module_id`, `class_id`, `has_templates`, `title`, `label`, `info`, `class_name`, `is_menu`, `icon_class`, `hot_text`, `c_order`, `parent_module_id`, `status`) VALUES
(1, 1, 'No', 'Dashboard', 'Dashboard', NULL, 'DashboardController', 'Yes', 'ri-dashboard-2-line', 'Work Later', 1, 0, 'Enabled'),
(2, 2, 'No', 'Common', 'Common', NULL, 'BaseController', 'No', '', '', 0, 0, 'Enabled'),
(3, 3, 'No', 'Admin Users', 'Admin Users', NULL, 'AdminController', 'Yes', 'ri-account-circle-line', '', 30, 0, 'Enabled'),
(4, 4, 'No', 'Admin Users Role', 'Admin Users Role', NULL, 'AdminRoleController', 'No', '', '', 0, 3, 'Enabled'),
(5, 5, 'No', 'Settings', 'Settings', NULL, 'SettingsController', 'Yes', 'ri-settings-2-line', '', 29, 0, 'Enabled'),
(7, 7, 'Yes', 'Pages', 'Pages', NULL, 'PageController', 'Yes', 'ri-pages-line', '', 26, 0, 'Enabled'),
(8, 8, 'No', 'System > Custom Field Groups', 'Custom Field Groups', NULL, 'CustomFieldGroupController', 'Yes', '', '', 2, 15, 'Enabled'),
(9, 9, 'No', 'System > Custom Fields', 'Custom Fields', NULL, 'CustomFieldController', 'Yes', '', '', 3, 15, 'Enabled'),
(10, 10, 'No', 'System > Templates', 'Templates', NULL, 'TemplateController', 'Yes', '', '', 4, 15, 'Enabled'),
(13, 13, 'No', 'Banners', 'Banners', NULL, 'BannerController', 'Yes', 'ri-profile-line', '', 13, 0, 'Enabled'),
(14, 14, 'No', 'Testimonials', 'Testimonials', NULL, 'TestimonialController', 'Yes', 'ri-double-quotes-r', '', 12, 0, 'Enabled'),
(15, 15, 'No', 'System > Locations', 'System', NULL, 'LocationController', 'Yes', 'ri-settings-line', '', 28, 0, 'Enabled'),
(16, 16, 'No', 'System > Countries', 'Countries', NULL, 'CountryController', 'No', '', '', 1, 15, 'Enabled'),
(17, 17, 'No', 'Menu Items', 'Menu Items', NULL, 'MenuItemController', 'Yes', 'ri-restaurant-line', '', 4, 0, 'Enabled'),
(18, 18, 'No', 'Menu Items > Categories', 'Categories', NULL, 'CategoryMenuItemController', 'No', '', '', 0, 17, 'Enabled'),
(19, 19, 'No', 'Online Orders', 'Online Orders', NULL, 'OnlineOrderController', 'Yes', 'ri-restaurant-line', '', 5, 0, 'Enabled'),
(20, 20, 'No', 'Online Orders > Categories', 'Categories', NULL, 'CategoryOnlineOrderController', 'No', '', '', 0, 19, 'Enabled'),
(21, 21, 'No', 'Order By Tray', 'Order By Tray', NULL, 'OrderByTrayController', 'Yes', 'ri-restaurant-line', '', 6, 0, 'Enabled'),
(22, 22, 'No', 'Order By Tray > Unit Specifications', 'Unit Specifications', NULL, 'OrderByTrayUnitSpecificationController', 'No', '', '', 0, 21, 'Enabled'),
(23, 23, 'No', 'Order By Tray > Categories', 'Categories', NULL, 'CategoryOrderByTrayController', 'No', '', '', 0, 21, 'Enabled'),
(24, 24, 'No', 'Catering Packages', 'Catering Packages', NULL, 'CateringPackageController', 'Yes', 'ri-restaurant-line', '', 7, 0, 'Enabled'),
(25, 25, 'No', 'Catering Packages > Specifications', 'Package Specifications', NULL, 'CateringPackageSpecificationController', 'No', '', '', 0, 24, 'Enabled'),
(26, 26, 'No', 'Catering Packages > Items', 'Package Items', NULL, 'CateringPackageItemController', 'No', '', '', 0, 24, 'Enabled'),
(27, 27, 'No', 'Catering Packages > Categories', 'Categories', NULL, 'CategoryCateringPackageController', 'No', '', '', 0, 24, 'Enabled'),
(28, 28, 'No', 'Outdoor Catering', 'Outdoor Catering', NULL, 'OutdoorCateringController', 'Yes', 'ri-restaurant-line', '', 8, 0, 'Enabled'),
(29, 29, 'No', 'Outdoor Catering > Categories', 'Categories', NULL, 'CategoryOutdoorCateringController', 'No', '', '', 0, 28, 'Enabled'),
(30, 30, 'No', 'Outdoor Catering > Serving Styles', 'Serving Styles', NULL, 'ServingStyleController', 'No', '', '', 0, 28, 'Enabled'),
(31, 31, 'No', 'Sweets', 'Sweets', NULL, 'SweetController', 'Yes', 'ri-restaurant-line', '', 9, 0, 'Enabled'),
(32, 32, 'No', 'Sweets > Categories', 'Categories', NULL, 'CategorySweetController', 'No', '', '', 0, 31, 'Enabled'),
(33, 33, 'No', 'Cakes', 'Cakes', NULL, 'CakeController', 'Yes', 'ri-restaurant-line', '', 10, 0, 'Enabled'),
(34, 34, 'No', 'Cakes > Categories', 'Categories', NULL, 'CategoryCakeController', 'No', '', '', 0, 33, 'Enabled'),
(35, 35, 'No', 'Gift Cards', 'Gift Cards', NULL, 'GiftCardController', 'Yes', 'ri-restaurant-line', '', 11, 0, 'Enabled'),
(36, 36, 'No', 'System > Email Templates', 'Email Templates', NULL, 'EmailTemplateController', 'No', '', '', 5, 15, 'Enabled'),
(37, 37, 'No', 'System > Coupons', 'Coupons', NULL, 'CouponController', 'No', '', '', 6, 15, 'Enabled'),
(38, 38, 'No', 'Delivery Partners', 'Delivery Partners', NULL, 'DeliveryPartnerController', 'Yes', '', '', 15, 0, 'Enabled'),
(39, 39, 'No', 'Galleries', 'Galleries', NULL, 'GalleryController', 'Yes', 'ri-gallery-line', '', 14, 0, 'Enabled'),
(40, 40, 'No', 'Galleries > Gallery Items', 'Gallery Items', NULL, 'GalleryItemController', 'No', '', '', 0, 39, 'Enabled');

-- --------------------------------------------------------

--
-- Table structure for table `rbs_module_class`
--

CREATE TABLE `rbs_module_class` (
  `class_id` int UNSIGNED NOT NULL,
  `class_name` varchar(191) CHARACTER SET utf8mb4 COLLATE utf8mb4_unicode_ci NOT NULL,
  `model_name` varchar(255) CHARACTER SET utf8mb4 COLLATE utf8mb4_unicode_ci NOT NULL,
  `slug` varchar(100) CHARACTER SET utf8mb4 COLLATE utf8mb4_unicode_ci NOT NULL,
  `info` text CHARACTER SET utf8mb4 COLLATE utf8mb4_unicode_ci,
  `status` enum('Enabled','Disabled') CHARACTER SET utf8mb4 COLLATE utf8mb4_unicode_ci NOT NULL DEFAULT 'Enabled'
) ENGINE=InnoDB DEFAULT CHARSET=utf8mb4 COLLATE=utf8mb4_unicode_ci;

--
-- Dumping data for table `rbs_module_class`
--

INSERT INTO `rbs_module_class` (`class_id`, `class_name`, `model_name`, `slug`, `info`, `status`) VALUES
(1, 'DashboardController', 'Dashboard', 'dashboard', NULL, 'Enabled'),
(2, 'BaseController', 'Base', 'base', NULL, 'Enabled'),
(3, 'AdminController', 'Admin', 'admin', NULL, 'Enabled'),
(4, 'AdminRoleController', 'AdminRole', 'admin-role', NULL, 'Enabled'),
(5, 'SettingsController', 'Settings', 'settings', NULL, 'Enabled'),
(7, 'PageController', 'Page', 'page', NULL, 'Enabled'),
(8, 'CustomFieldGroupController', 'CustomFieldGroup', 'custom-field-group', NULL, 'Enabled'),
(9, 'CustomFieldController', 'CustomField', 'custom-field', NULL, 'Enabled'),
(10, 'TemplateController', 'Template', 'template', NULL, 'Enabled'),
(13, 'BannerController', 'Banners', 'banner', NULL, 'Enabled'),
(14, 'TestimonialController', 'Testimonials', 'testimonial', NULL, 'Enabled'),
(15, 'LocationController', 'Location', 'location', NULL, 'Enabled'),
(16, 'CountryController', 'Country', 'country', NULL, 'Enabled'),
(17, 'MenuItemController', 'Item', 'menu-item', NULL, 'Enabled'),
(18, 'CategoryMenuItemController', 'Category', 'category/menu-item', NULL, 'Enabled'),
(19, 'OnlineOrderController', 'Item', 'online-order', NULL, 'Enabled'),
(20, 'CategoryOnlineOrderController', 'Category', 'category/online-order', NULL, 'Enabled'),
(21, 'OrderByTrayController', 'Item', 'order-by-tray', NULL, 'Enabled'),
(22, 'OrderByTrayUnitSpecificationController', 'OrderByTrayUnitSpecification', 'unit-specification', NULL, 'Enabled'),
(23, 'CategoryOrderByTrayController', 'Category', 'category/order-by-tray', NULL, 'Enabled'),
(24, 'CateringPackageController', 'CateringPackage', 'catering-package', NULL, 'Enabled'),
(25, 'CateringPackageSpecificationController', 'CateringPackageSpecification', 'package-specification', NULL, 'Enabled'),
(26, 'CateringPackageItemController', 'Item', 'catering-package-item', NULL, 'Enabled'),
(27, 'CategoryCateringPackageController', 'Category', 'category/catering-package', NULL, 'Enabled'),
(28, 'OutdoorCateringController', 'Item', 'outdoor-catering', NULL, 'Enabled'),
(29, 'CategoryOutdoorCateringController', 'Category', 'category/outdoor-catering', NULL, 'Enabled'),
(30, 'ServingStyleController', 'ServingStyle', 'serving-style', NULL, 'Enabled'),
(31, 'SweetController', 'Item', 'sweet', NULL, 'Enabled'),
(32, 'CategorySweetController', 'Category', 'category/sweet', NULL, 'Enabled'),
(33, 'CakeController', 'Item', 'cake', NULL, 'Enabled'),
(34, 'CategoryCakeController', 'Category', 'category/cake', NULL, 'Enabled'),
(35, 'GiftCardController', 'Item', 'gift-card', NULL, 'Enabled'),
(36, 'EmailTemplateController', 'EmailTemplate', 'email-template', NULL, 'Enabled'),
(37, 'CouponController', 'Coupons', 'coupon', NULL, 'Enabled'),
(38, 'DeliveryPartnerController', 'DeliveryPartners', 'delivery-partner', NULL, 'Enabled'),
(39, 'GalleryController', 'Galleries', 'gallery', NULL, 'Enabled'),
(40, 'GalleryItemController', 'GalleryItems', 'gallery-item', NULL, 'Enabled');

-- --------------------------------------------------------

--
-- Table structure for table `rbs_module_methods`
--

CREATE TABLE `rbs_module_methods` (
  `method_id` int UNSIGNED NOT NULL,
  `module_id` tinyint NOT NULL,
  `title` varchar(255) CHARACTER SET utf8mb4 COLLATE utf8mb4_unicode_ci NOT NULL,
  `method_name` varchar(255) CHARACTER SET utf8mb4 COLLATE utf8mb4_unicode_ci DEFAULT NULL,
  `default_present` tinyint NOT NULL DEFAULT '0',
  `access_role_id` int NOT NULL DEFAULT '0' COMMENT '0=access to all',
  `route_link` varchar(255) CHARACTER SET utf8mb4 COLLATE utf8mb4_unicode_ci NOT NULL,
  `affected_route_link` varchar(255) CHARACTER SET utf8mb4 COLLATE utf8mb4_unicode_ci DEFAULT NULL,
  `is_left_nav` tinyint NOT NULL DEFAULT '1',
  `is_external_link` tinyint NOT NULL DEFAULT '0',
  `c_order` int NOT NULL DEFAULT '0',
  `updated_id` int NOT NULL DEFAULT '0',
  `created_at` timestamp NULL DEFAULT NULL,
  `updated_at` timestamp NULL DEFAULT NULL
) ENGINE=InnoDB DEFAULT CHARSET=utf8mb4 COLLATE=utf8mb4_unicode_ci;

--
-- Dumping data for table `rbs_module_methods`
--

INSERT INTO `rbs_module_methods` (`method_id`, `module_id`, `title`, `method_name`, `default_present`, `access_role_id`, `route_link`, `affected_route_link`, `is_left_nav`, `is_external_link`, `c_order`, `updated_id`, `created_at`, `updated_at`) VALUES
(1, 1, 'Dashboard', 'show', 1, 0, 'admin.dashboard', NULL, 1, 0, 1, 1, '2025-10-30 07:03:36', NULL),
(2, 2, 'Common Status', 'changestatus', 1, 0, 'admin.changestatus', 'admin.dashboard', 0, 0, 0, 1, '2025-10-30 07:03:36', NULL),
(3, 2, 'Common Delete Seo Image', 'deleteSeoImage', 1, 0, 'admin.seo.deleteimage', 'admin.dashboard', 0, 0, 0, 1, '2025-10-30 07:03:36', NULL),
(4, 2, 'Common Delete Custom Field Value File', 'deleteSeoImage', 1, 0, 'admin.customfieldvalue.deletefile', 'admin.dashboard', 0, 0, 0, 1, '2025-10-30 07:03:36', NULL),
(5, 2, 'Common Switch Location', 'switchLocation', 1, 0, 'admin.switchlocation', 'admin.dashboard', 0, 0, 0, 1, '2025-10-30 07:03:36', NULL),
(11, 3, 'Edit Profile', 'editprofile', 0, 0, 'admin.profile', NULL, 0, 0, 0, 1, '2025-10-30 07:03:36', NULL),
(12, 3, 'Update Profile', 'updateprofile', 0, 0, 'admin.profile.update', 'admin.profile', 0, 0, 0, 1, '2025-10-30 07:03:36', NULL),
(13, 3, 'Delete User Image', 'deleteFile', 0, 0, 'admin.profile.deletefile', 'admin.profile', 0, 0, 0, 1, '2025-10-30 07:03:36', NULL),
(14, 3, 'All Users', 'index', 0, 0, 'admin.admin.index', NULL, 1, 0, 1, 1, '2025-10-30 07:03:36', NULL),
(15, 3, 'Add User', 'create', 0, 0, 'admin.admin.create', NULL, 1, 0, 2, 1, '2025-10-30 07:03:36', NULL),
(16, 3, 'Store User', 'store', 0, 0, 'admin.admin.store', 'admin.admin.create', 0, 0, 0, 1, '2025-10-30 07:03:36', NULL),
(17, 3, 'Edit User', 'edit', 0, 0, 'admin.admin.edit', NULL, 0, 0, 0, 1, '2025-10-30 07:03:36', NULL),
(18, 3, 'Update User', 'update', 0, 0, 'admin.admin.update', 'admin.admin.edit', 0, 0, 0, 1, '2025-10-30 07:03:36', NULL),
(19, 3, 'Delete User Image', 'deleteFile', 0, 0, 'admin.admin.deletefile', 'admin.admin.update', 0, 0, 0, 1, '2025-10-30 07:03:36', NULL),
(20, 3, 'Delete User', 'deleteData', 0, 0, 'admin.admin.edit', NULL, 0, 0, 0, 1, '2025-10-30 07:03:36', NULL),
(31, 4, 'User Roles', 'index', 0, 0, 'admin.admin-role.index', NULL, 1, 0, 1, 1, '2025-10-30 07:03:36', NULL),
(32, 4, 'Add Role', 'create', 0, 0, 'admin.admin-role.create', NULL, 0, 0, 0, 1, '2025-10-30 07:03:36', NULL),
(33, 4, 'Store Role', 'store', 0, 0, 'admin.admin-role.store', 'admin.admin-role.create', 0, 0, 0, 1, '2025-10-30 07:03:36', NULL),
(34, 4, 'Edit Role', 'edit', 0, 0, 'admin.admin-role.edit', NULL, 0, 0, 0, 1, '2025-10-30 07:03:36', NULL),
(35, 4, 'Update Role', 'update', 0, 0, 'admin.admin-role.update', 'admin.admin-role.edit', 0, 0, 0, 1, '2025-10-30 07:03:36', NULL),
(36, 4, 'Delete Role', 'deleteData', 0, 0, 'admin.admin-role.delete', NULL, 0, 0, 0, 1, '2025-10-30 07:03:36', NULL),
(51, 5, 'General', 'editGeneral', 0, 0, 'admin.settings.general', NULL, 1, 0, 1, 1, '2025-10-30 07:03:36', NULL),
(52, 5, 'General Update', 'updateGeneral', 0, 0, 'admin.settings.general.update', 'admin.settings.general', 0, 0, 0, 1, '2025-10-30 07:03:36', NULL),
(53, 5, 'Mail', 'editMail', 0, 0, 'admin.settings.mail', NULL, 1, 0, 3, 1, '2025-10-30 07:03:36', NULL),
(54, 5, 'Mail Update', 'updateMail', 0, 0, 'admin.settings.mail.update', 'admin.settings.mail', 0, 0, 0, 1, '2025-10-30 07:03:36', NULL),
(55, 5, 'Delete File', 'deletefile', 0, 0, 'admin.settings.deletefile', 'admin.settings.general', 0, 0, 0, 1, '2025-10-30 07:03:36', NULL),
(91, 7, 'All Pages', 'index', 0, 0, 'admin.page.index', NULL, 1, 0, 1, 1, '2025-10-30 07:03:36', NULL),
(92, 7, 'Add Page', 'create', 0, 0, 'admin.page.create', NULL, 1, 0, 2, 1, '2025-10-30 07:03:36', NULL),
(93, 7, 'Store Page', 'store', 0, 0, 'admin.page.store', 'admin.page.create', 0, 0, 0, 1, '2025-10-30 07:03:36', NULL),
(94, 7, 'Edit Page', 'edit', 0, 0, 'admin.page.edit', NULL, 0, 0, 0, 1, '2025-10-30 07:03:36', NULL),
(95, 7, 'Update Page', 'update', 0, 0, 'admin.page.update', 'admin.page.edit', 0, 0, 0, 1, '2025-10-30 07:03:36', NULL),
(96, 7, 'Delete Page Image', 'deleteFile', 0, 0, 'admin.page.deletefile', 'admin.page.edit', 0, 0, 0, 1, '2025-10-30 07:03:36', NULL),
(97, 7, 'Delete Page', 'deleteData', 0, 0, 'admin.page.delete', NULL, 0, 0, 0, 1, '2025-10-30 07:03:36', NULL),
(111, 8, 'Custom Field Groups', 'index', 0, 0, 'admin.custom-field-group.index', NULL, 1, 0, 0, 1, '2025-10-30 07:03:36', NULL),
(112, 8, 'Add Custom Field Group', 'create', 0, 0, 'admin.custom-field-group.create', NULL, 0, 0, 0, 1, '2025-10-30 07:03:36', NULL),
(113, 8, 'Store Custom Field Group', 'store', 0, 0, 'admin.custom-field-group.store', 'admin.custom-field-group.create', 0, 0, 0, 1, '2025-10-30 07:03:36', NULL),
(114, 8, 'Edit Custom Field Group', 'edit', 0, 0, 'admin.custom-field-group.edit', NULL, 0, 0, 0, 1, '2025-10-30 07:03:36', NULL),
(115, 8, 'Update Custom Field Group', 'update', 0, 0, 'admin.custom-field-group.update', 'admin.custom-field-group.edit', 0, 0, 0, 1, '2025-10-30 07:03:36', NULL),
(116, 8, 'Delete Custom Field Group', 'deleteData', 0, 0, 'admin.custom-field-group.delete', NULL, 0, 0, 0, 1, '2025-10-30 07:03:36', NULL),
(131, 9, 'Custom fields', 'index', 0, 0, 'admin.custom-field.index', NULL, 1, 0, 0, 1, '2025-10-30 07:03:36', NULL),
(132, 9, 'Add Custom field', 'create', 0, 0, 'admin.custom-field.create', NULL, 0, 0, 0, 1, '2025-10-30 07:03:36', NULL),
(133, 9, 'Store Custom field', 'store', 0, 0, 'admin.custom-field.store', 'admin.custom-field.create', 0, 0, 0, 1, '2025-10-30 07:03:36', NULL),
(134, 9, 'Edit Custom field', 'edit', 0, 0, 'admin.custom-field.edit', NULL, 0, 0, 0, 1, '2025-10-30 07:03:36', NULL),
(135, 9, 'Update Custom field', 'update', 0, 0, 'admin.custom-field.update', 'admin.custom-field.edit', 0, 0, 0, 1, '2025-10-30 07:03:36', NULL),
(136, 9, 'Delete Custom field', 'deleteData', 0, 0, 'admin.custom-field.delete', NULL, 0, 0, 0, 1, '2025-10-30 07:03:36', NULL),
(151, 10, 'Templates', 'index', 0, 0, 'admin.template.index', NULL, 1, 0, 0, 1, '2025-10-30 07:03:36', NULL),
(152, 10, 'Add Template', 'create', 0, 0, 'admin.template.create', NULL, 0, 0, 0, 1, '2025-10-30 07:03:36', NULL),
(153, 10, 'Store Template', 'store', 0, 0, 'admin.template.store', 'admin.template.create', 0, 0, 0, 1, '2025-10-30 07:03:36', NULL),
(154, 10, 'Edit Template', 'edit', 0, 0, 'admin.template.edit', NULL, 0, 0, 0, 1, '2025-10-30 07:03:36', NULL),
(155, 10, 'Update Template', 'update', 0, 0, 'admin.template.update', 'admin.template.edit', 0, 0, 0, 1, '2025-10-30 07:03:36', NULL),
(156, 10, 'Delete Template', 'deleteData', 0, 0, 'admin.template.delete', NULL, 0, 0, 0, 1, '2025-10-30 07:03:36', NULL),
(211, 13, 'All Banners', 'index', 0, 0, 'admin.banner.index', NULL, 1, 0, 1, 1, '2025-10-30 07:03:36', NULL),
(212, 13, 'Add Banner', 'create', 0, 0, 'admin.banner.create', NULL, 1, 0, 2, 1, '2025-10-30 07:03:36', NULL),
(213, 13, 'Store Banner', 'store', 0, 0, 'admin.banner.store', 'admin.banner.create', 0, 0, 0, 1, '2025-10-30 07:03:36', NULL),
(214, 13, 'Edit Banner', 'edit', 0, 0, 'admin.banner.edit', NULL, 0, 0, 0, 1, '2025-10-30 07:03:36', NULL),
(215, 13, 'Update Banner', 'update', 0, 0, 'admin.banner.update', 'admin.banner.edit', 0, 0, 0, 1, '2025-10-30 07:03:36', NULL),
(216, 13, 'Delete Testimonial Image', 'deleteFile', 0, 0, 'admin.banner.deletefile', 'admin.banner.edit', 0, 0, 0, 1, '2025-10-30 07:03:36', NULL),
(217, 13, 'Delete Banner', 'deleteData', 0, 0, 'admin.banner.delete', NULL, 0, 0, 0, 1, '2025-10-30 07:03:36', NULL),
(231, 14, 'All Testimonials', 'index', 0, 0, 'admin.testimonial.index', NULL, 1, 0, 1, 1, '2025-10-30 07:03:36', NULL),
(232, 14, 'Add Testimonial', 'create', 0, 0, 'admin.testimonial.create', NULL, 1, 0, 2, 1, '2025-10-30 07:03:36', NULL),
(233, 14, 'Store Testimonial', 'store', 0, 0, 'admin.testimonial.store', 'admin.testimonial.create', 0, 0, 0, 1, '2025-10-30 07:03:36', NULL),
(234, 14, 'Edit Testimonial', 'edit', 0, 0, 'admin.testimonial.edit', NULL, 0, 0, 0, 1, '2025-10-30 07:03:36', NULL),
(235, 14, 'Update Testimonial', 'update', 0, 0, 'admin.testimonial.update', 'admin.testimonial.edit', 0, 0, 0, 1, '2025-10-30 07:03:36', NULL),
(236, 15, 'Delete Testimonial Image', 'deleteFile', 0, 0, 'admin.testimonial.deletefile', 'admin.testimonial.edit', 0, 0, 0, 1, '2025-10-30 07:03:36', NULL),
(237, 14, 'Delete Testimonial', 'deleteData', 0, 0, 'admin.testimonial.delete', NULL, 0, 0, 0, 1, '2025-10-30 07:03:36', NULL),
(251, 15, 'Locations', 'index', 0, 0, 'admin.location.index', NULL, 1, 0, 0, 1, '2025-10-30 07:03:36', NULL),
(252, 15, 'Location', 'create', 0, 0, 'admin.location.create', NULL, 0, 0, 0, 1, '2025-10-30 07:03:36', NULL),
(253, 15, 'Store Location', 'store', 0, 0, 'admin.location.store', 'admin.location.create', 0, 0, 0, 1, '2025-10-30 07:03:36', NULL),
(254, 15, 'Edit Location', 'edit', 0, 0, 'admin.location.edit', NULL, 0, 0, 0, 1, '2025-10-30 07:03:36', NULL),
(255, 15, 'Update Location', 'update', 0, 0, 'admin.location.update', 'admin.location.edit', 0, 0, 0, 1, '2025-10-30 07:03:36', NULL),
(256, 15, 'Delete Location Image', 'deleteFile', 0, 0, 'admin.location.deletefile', 'admin.location.edit', 0, 0, 0, 1, '2025-10-30 07:03:36', NULL),
(257, 15, 'Delete Location', 'deleteData', 0, 0, 'admin.location.delete', NULL, 0, 0, 0, 1, '2025-10-30 07:03:36', NULL),
(258, 15, 'Update Default Location', 'updateDefaultLocation', 0, 0, 'admin.location.updatedefaultlocation', NULL, 0, 0, 0, 1, '2025-10-30 07:03:36', NULL),
(271, 16, 'Countries', 'index', 0, 0, 'admin.country.index', NULL, 1, 0, 0, 1, '2025-10-30 07:03:36', NULL),
(272, 16, 'Add Country', 'create', 0, 0, 'admin.country.create', NULL, 0, 0, 0, 1, '2025-10-30 07:03:36', NULL),
(273, 16, 'Store Country', 'store', 0, 0, 'admin.country.store', 'admin.country.create', 0, 0, 0, 1, '2025-10-30 07:03:36', NULL),
(274, 16, 'Edit Country', 'edit', 0, 0, 'admin.country.edit', NULL, 0, 0, 0, 1, '2025-10-30 07:03:36', NULL),
(275, 16, 'Update Country', 'update', 0, 0, 'admin.country.update', 'admin.country.edit', 0, 0, 0, 1, '2025-10-30 07:03:36', NULL),
(276, 16, 'Delete Country Image', 'deleteFile', 0, 0, 'admin.country.deletefile', 'admin.country.edit', 0, 0, 0, 1, '2025-10-30 07:03:36', NULL),
(277, 16, 'Delete Country', 'deleteData', 0, 0, 'admin.country.delete', NULL, 0, 0, 0, 1, '2025-10-30 07:03:36', NULL),
(291, 17, 'All Menu Items', 'index', 0, 0, 'admin.menu-item.index', NULL, 1, 0, 1, 1, '2025-10-30 07:03:36', NULL),
(292, 17, 'Add Menu Item', 'create', 0, 0, 'admin.menu-item.create', NULL, 1, 0, 2, 1, '2025-10-30 07:03:36', NULL),
(293, 17, 'Store Menu Item', 'store', 0, 0, 'admin.menu-item.store', 'admin.menu-item.create', 0, 0, 0, 1, '2025-10-30 07:03:36', NULL),
(294, 17, 'Edit Menu Item', 'edit', 0, 0, 'admin.menu-item.edit', NULL, 0, 0, 0, 1, '2025-10-30 07:03:36', NULL),
(295, 17, 'Update Menu Item', 'update', 0, 0, 'admin.menu-item.update', 'admin.menu-item.edit', 0, 0, 0, 1, '2025-10-30 07:03:36', NULL),
(296, 17, 'Delete Menu Item', 'deleteData', 0, 0, 'admin.menu-item.delete', NULL, 0, 0, 0, 1, '2025-10-30 07:03:36', NULL),
(311, 18, 'Categories', 'index', 0, 0, 'admin.category.menu-item.index', NULL, 1, 0, 1, 1, '2025-10-30 07:03:36', NULL),
(312, 18, 'Add Category', 'create', 0, 0, 'admin.category.menu-item.create', NULL, 0, 0, 2, 1, '2025-10-30 07:03:36', NULL),
(313, 18, 'Store Category', 'store', 0, 0, 'admin.category.menu-item.store', 'admin.category.menu-item.create', 0, 0, 0, 1, '2025-10-30 07:03:36', NULL),
(314, 18, 'Edit Category', 'edit', 0, 0, 'admin.category.menu-item.edit', NULL, 0, 0, 0, 1, '2025-10-30 07:03:36', NULL),
(315, 18, 'Update Category', 'update', 0, 0, 'admin.category.menu-item.update', 'admin.category.menu-item.edit', 0, 0, 0, 1, '2025-10-30 07:03:36', NULL),
(316, 18, 'Delete Category Image', 'deleteFile', 0, 0, 'admin.category.menu-item.deletefile', 'admin.category.menu-item.edit', 0, 0, 0, 1, '2025-10-30 07:03:36', NULL),
(317, 18, 'Delete Category', 'deleteData', 0, 0, 'admin.category.menu-item.delete', NULL, 0, 0, 0, 1, '2025-10-30 07:03:36', NULL),
(331, 19, 'All Online Orders', 'index', 0, 0, 'admin.online-order.index', NULL, 1, 0, 1, 1, '2025-10-30 07:03:36', NULL),
(332, 19, 'Add Online Order', 'create', 0, 0, 'admin.online-order.create', NULL, 1, 0, 2, 1, '2025-10-30 07:03:36', NULL),
(333, 19, 'Store Online Order', 'store', 0, 0, 'admin.online-order.store', 'admin.online-order.create', 0, 0, 0, 1, '2025-10-30 07:03:36', NULL),
(334, 19, 'Edit Online Order', 'edit', 0, 0, 'admin.online-order.edit', NULL, 0, 0, 0, 1, '2025-10-30 07:03:36', NULL),
(335, 19, 'Update Online Order', 'update', 0, 0, 'admin.online-order.update', 'admin.online-order.edit', 0, 0, 0, 1, '2025-10-30 07:03:36', NULL),
(336, 19, 'Delete Online Order Image', 'deleteFile', 0, 0, 'admin.online-order.deletefile', 'admin.online-order.edit', 0, 0, 0, 1, '2025-10-30 07:03:36', NULL),
(337, 19, 'Delete Online Order', 'deleteData', 0, 0, 'admin.online-order.delete', NULL, 0, 0, 0, 1, '2025-10-30 07:03:36', NULL),
(351, 20, 'Categories', 'index', 0, 0, 'admin.category.online-order.index', NULL, 1, 0, 1, 1, '2025-10-30 07:03:36', NULL),
(352, 20, 'Add Category', 'create', 0, 0, 'admin.category.online-order.create', NULL, 0, 0, 2, 1, '2025-10-30 07:03:36', NULL),
(353, 20, 'Store Category', 'store', 0, 0, 'admin.category.online-order.store', 'admin.category.online-order.create', 0, 0, 0, 1, '2025-10-30 07:03:36', NULL),
(354, 20, 'Edit Category', 'edit', 0, 0, 'admin.category.online-order.edit', NULL, 0, 0, 0, 1, '2025-10-30 07:03:36', NULL),
(355, 20, 'Update Category', 'update', 0, 0, 'admin.category.online-order.update', 'admin.category.online-order.edit', 0, 0, 0, 1, '2025-10-30 07:03:36', NULL),
(356, 20, 'Delete Category Image', 'deleteFile', 0, 0, 'admin.category.online-order.deletefile', 'admin.category.online-order.edit', 0, 0, 0, 1, '2025-10-30 07:03:36', NULL),
(357, 20, 'Delete Category', 'deleteData', 0, 0, 'admin.category.online-order.delete', NULL, 0, 0, 0, 1, '2025-10-30 07:03:36', NULL),
(371, 21, 'All Order By Tray', 'index', 0, 0, 'admin.order-by-tray.index', NULL, 1, 0, 1, 1, '2025-10-30 07:03:36', NULL),
(372, 21, 'Add Order By Tray', 'create', 0, 0, 'admin.order-by-tray.create', NULL, 1, 0, 2, 1, '2025-10-30 07:03:36', NULL),
(373, 21, 'Store Order By Tray', 'store', 0, 0, 'admin.order-by-tray.store', 'admin.order-by-tray.create', 0, 0, 0, 1, '2025-10-30 07:03:36', NULL),
(374, 21, 'Edit Order By Tray', 'edit', 0, 0, 'admin.order-by-tray.edit', NULL, 0, 0, 0, 1, '2025-10-30 07:03:36', NULL),
(375, 21, 'Update Order By Tray', 'update', 0, 0, 'admin.order-by-tray.update', 'admin.order-by-tray.edit', 0, 0, 0, 1, '2025-10-30 07:03:36', NULL),
(376, 21, 'Delete Order By Tray', 'deleteData', 0, 0, 'admin.order-by-tray.delete', NULL, 0, 0, 0, 1, '2025-10-30 07:03:36', NULL),
(391, 22, 'All Unit Specifications', 'index', 0, 0, 'admin.order-by-tray.unit-specification.index', NULL, 0, 0, 1, 1, '2025-10-30 07:03:36', NULL),
(392, 22, 'Add Unit Specification', 'create', 0, 0, 'admin.order-by-tray.unit-specification.create', NULL, 0, 0, 2, 1, '2025-10-30 07:03:36', NULL),
(393, 22, 'Store Unit Specification', 'store', 0, 0, 'admin.order-by-tray.unit-specification.store', 'admin.order-by-tray.unit-specification.create', 0, 0, 0, 1, '2025-10-30 07:03:36', NULL),
(394, 22, 'Edit Unit Specification', 'edit', 0, 0, 'admin.order-by-tray.unit-specification.edit', NULL, 0, 0, 0, 1, '2025-10-30 07:03:36', NULL),
(395, 22, 'Update Unit Specification', 'update', 0, 0, 'admin.order-by-tray.unit-specification.update', 'admin.order-by-tray.unit-specification.edit', 0, 0, 0, 1, '2025-10-30 07:03:36', NULL),
(396, 22, 'Delete Unit Specification', 'deleteData', 0, 0, 'admin.order-by-tray.unit-specification.delete', NULL, 0, 0, 0, 1, '2025-10-30 07:03:36', NULL),
(411, 23, 'Categories', 'index', 0, 0, 'admin.category.order-by-tray.index', NULL, 1, 0, 1, 1, '2025-10-30 07:03:36', NULL),
(412, 23, 'Add Category', 'create', 0, 0, 'admin.category.order-by-tray.create', NULL, 0, 0, 2, 1, '2025-10-30 07:03:36', NULL),
(413, 23, 'Store Category', 'store', 0, 0, 'admin.category.order-by-tray.store', 'admin.category.order-by-tray.create', 0, 0, 0, 1, '2025-10-30 07:03:36', NULL),
(414, 23, 'Edit Category', 'edit', 0, 0, 'admin.category.order-by-tray.edit', NULL, 0, 0, 0, 1, '2025-10-30 07:03:36', NULL),
(415, 23, 'Update Category', 'update', 0, 0, 'admin.category.order-by-tray.update', 'admin.category.order-by-tray.edit', 0, 0, 0, 1, '2025-10-30 07:03:36', NULL),
(416, 23, 'Delete Category Image', 'deleteFile', 0, 0, 'admin.category.order-by-tray.deletefile', 'admin.category.order-by-tray.edit', 0, 0, 0, 1, '2025-10-30 07:03:36', NULL),
(417, 23, 'Delete Category', 'deleteData', 0, 0, 'admin.category.order-by-tray.delete', NULL, 0, 0, 0, 1, '2025-10-30 07:03:36', NULL),
(431, 24, 'All Catering Packages', 'index', 0, 0, 'admin.catering-package.index', NULL, 1, 0, 1, 1, '2025-10-30 07:03:36', NULL),
(432, 24, 'Add Catering Package', 'create', 0, 0, 'admin.catering-package.create', NULL, 1, 0, 2, 1, '2025-10-30 07:03:36', NULL),
(433, 24, 'Store Catering Package', 'store', 0, 0, 'admin.catering-package.store', 'admin.catering-package.create', 0, 0, 0, 1, '2025-10-30 07:03:36', NULL),
(434, 24, 'Edit Catering Package', 'edit', 0, 0, 'admin.catering-package.edit', NULL, 0, 0, 0, 1, '2025-10-30 07:03:36', NULL),
(435, 24, 'Update Catering Package', 'update', 0, 0, 'admin.catering-package.update', 'admin.catering-package.edit', 0, 0, 0, 1, '2025-10-30 07:03:36', NULL),
(436, 24, 'Delete Catering Package', 'deleteData', 0, 0, 'admin.catering-package.delete', NULL, 0, 0, 0, 1, '2025-10-30 07:03:36', NULL),
(451, 25, 'All Package Specifications', 'index', 0, 0, 'admin.catering-package.package-specification.index', NULL, 0, 0, 1, 1, '2025-10-30 07:03:36', NULL),
(452, 25, 'Add Package Specification', 'create', 0, 0, 'admin.catering-package.package-specification.create', NULL, 0, 0, 2, 1, '2025-10-30 07:03:36', NULL),
(453, 25, 'Store Package Specification', 'store', 0, 0, 'admin.catering-package.package-specification.store', 'admin.catering-package.package-specification.create', 0, 0, 0, 1, '2025-10-30 07:03:36', NULL),
(454, 25, 'Edit Package Specification', 'edit', 0, 0, 'admin.catering-package.package-specification.edit', NULL, 0, 0, 0, 1, '2025-10-30 07:03:36', NULL),
(455, 25, 'Update Package Specification', 'update', 0, 0, 'admin.catering-package.package-specification.update', 'admin.catering-package.package-specification.edit', 0, 0, 0, 1, '2025-10-30 07:03:36', NULL),
(456, 25, 'Delete Package Specification', 'deleteData', 0, 0, 'admin.catering-package.package-specification.delete', NULL, 0, 0, 0, 1, '2025-10-30 07:03:36', NULL),
(471, 26, 'Items', 'index', 0, 0, 'admin.catering-package-item.index', NULL, 1, 0, 1, 1, '2025-10-30 07:03:36', NULL),
(472, 26, 'Add Item', 'create', 0, 0, 'admin.catering-package-item.create', NULL, 0, 0, 0, 1, '2025-10-30 07:03:36', NULL),
(473, 26, 'Store Item', 'store', 0, 0, 'admin.catering-package-item.store', 'admin.catering-package-item.create', 0, 0, 0, 1, '2025-10-30 07:03:36', NULL),
(474, 26, 'Edit Item', 'edit', 0, 0, 'admin.catering-package-item.edit', NULL, 0, 0, 0, 1, '2025-10-30 07:03:36', NULL),
(475, 26, 'Update Item', 'update', 0, 0, 'admin.catering-package-item.update', 'admin.catering-package-item.edit', 0, 0, 0, 1, '2025-10-30 07:03:36', NULL),
(476, 26, 'Delete Item', 'deleteData', 0, 0, 'admin.catering-package-item.delete', NULL, 0, 0, 0, 1, '2025-10-30 07:03:36', NULL),
(491, 27, 'Categories', 'index', 0, 0, 'admin.category.catering-package.index', NULL, 1, 0, 1, 1, '2025-10-30 07:03:36', NULL),
(492, 27, 'Add Category', 'create', 0, 0, 'admin.category.catering-package.create', NULL, 0, 0, 0, 1, '2025-10-30 07:03:36', NULL),
(493, 27, 'Store Category', 'store', 0, 0, 'admin.category.catering-package.store', 'admin.category.catering-package.create', 0, 0, 0, 1, '2025-10-30 07:03:36', NULL),
(494, 27, 'Edit Category', 'edit', 0, 0, 'admin.category.catering-package.edit', NULL, 0, 0, 0, 1, '2025-10-30 07:03:36', NULL),
(495, 27, 'Update Category', 'update', 0, 0, 'admin.category.catering-package.update', 'admin.category.catering-package.edit', 0, 0, 0, 1, '2025-10-30 07:03:36', NULL),
(496, 27, 'Delete Category Image', 'deleteFile', 0, 0, 'admin.category.catering-package.deletefile', 'admin.category.catering-package.edit', 0, 0, 0, 1, '2025-10-30 07:03:36', NULL),
(497, 27, 'Delete Category', 'deleteData', 0, 0, 'admin.category.catering-package.delete', NULL, 0, 0, 0, 1, '2025-10-30 07:03:36', NULL),
(511, 28, 'All Outdoor Catering', 'index', 0, 0, 'admin.outdoor-catering.index', NULL, 1, 0, 1, 1, '2025-10-30 07:03:36', NULL),
(512, 28, 'Add Outdoor Catering', 'create', 0, 0, 'admin.outdoor-catering.create', NULL, 1, 0, 2, 1, '2025-10-30 07:03:36', NULL),
(513, 28, 'Store Outdoor Catering', 'store', 0, 0, 'admin.outdoor-catering.store', 'admin.outdoor-catering.create', 0, 0, 0, 1, '2025-10-30 07:03:36', NULL),
(514, 28, 'Edit Outdoor Catering', 'edit', 0, 0, 'admin.outdoor-catering.edit', NULL, 0, 0, 0, 1, '2025-10-30 07:03:36', NULL),
(515, 28, 'Update Outdoor Catering', 'update', 0, 0, 'admin.outdoor-catering.update', 'admin.outdoor-catering.edit', 0, 0, 0, 1, '2025-10-30 07:03:36', NULL),
(516, 28, 'Delete Outdoor Catering', 'deleteData', 0, 0, 'admin.outdoor-catering.delete', NULL, 0, 0, 0, 1, '2025-10-30 07:03:36', NULL),
(531, 29, 'Categories', 'index', 0, 0, 'admin.category.outdoor-catering.index', NULL, 1, 0, 1, 1, '2025-10-30 07:03:36', NULL),
(532, 29, 'Add Category', 'create', 0, 0, 'admin.category.outdoor-catering.create', NULL, 0, 0, 0, 1, '2025-10-30 07:03:36', NULL),
(533, 29, 'Store Category', 'store', 0, 0, 'admin.category.outdoor-catering.store', 'admin.category.outdoor-catering.create', 0, 0, 0, 1, '2025-10-30 07:03:36', NULL),
(534, 29, 'Edit Category', 'edit', 0, 0, 'admin.category.outdoor-catering.edit', NULL, 0, 0, 0, 1, '2025-10-30 07:03:36', NULL),
(535, 29, 'Update Category', 'update', 0, 0, 'admin.category.outdoor-catering.update', 'admin.category.outdoor-catering.edit', 0, 0, 0, 1, '2025-10-30 07:03:36', NULL),
(536, 29, 'Delete Category', 'deleteData', 0, 0, 'admin.category.outdoor-catering.delete', NULL, 0, 0, 0, 1, '2025-10-30 07:03:36', NULL),
(551, 30, 'Serving Styles', 'index', 0, 0, 'admin.serving-style.index', NULL, 1, 0, 1, 1, '2025-10-30 07:03:36', NULL),
(552, 30, 'Add Serving Style', 'create', 0, 0, 'admin.serving-style.create', NULL, 0, 0, 0, 1, '2025-10-30 07:03:36', NULL),
(553, 30, 'Store Serving Style', 'store', 0, 0, 'admin.serving-style.store', 'admin.serving-style.create', 0, 0, 0, 1, '2025-10-30 07:03:36', NULL),
(554, 30, 'Edit Serving Style', 'edit', 0, 0, 'admin.serving-style.edit', NULL, 0, 0, 0, 1, '2025-10-30 07:03:36', NULL),
(555, 30, 'Update Serving Style', 'update', 0, 0, 'admin.serving-style.update', 'admin.serving-style.edit', 0, 0, 0, 1, '2025-10-30 07:03:36', NULL),
(556, 30, 'Delete Serving Style', 'deleteData', 0, 0, 'admin.serving-style.delete', NULL, 0, 0, 0, 1, '2025-10-30 07:03:36', NULL),
(557, 30, 'Delete Serving Style Image', 'deleteFile', 0, 0, 'admin.serving-style.deletefile', 'admin.serving-style.edit', 0, 0, 0, 1, '2025-10-30 07:03:36', NULL),
(571, 31, 'All Sweets', 'index', 0, 0, 'admin.sweet.index', NULL, 1, 0, 1, 1, '2025-10-30 07:03:36', NULL),
(572, 31, 'Add Sweet', 'create', 0, 0, 'admin.sweet.create', NULL, 1, 0, 2, 1, '2025-10-30 07:03:36', NULL),
(573, 31, 'Store Sweet', 'store', 0, 0, 'admin.sweet.store', 'admin.sweet.create', 0, 0, 0, 1, '2025-10-30 07:03:36', NULL),
(574, 31, 'Edit Sweet', 'edit', 0, 0, 'admin.sweet.edit', NULL, 0, 0, 0, 1, '2025-10-30 07:03:36', NULL),
(575, 31, 'Update Sweet', 'update', 0, 0, 'admin.sweet.update', 'admin.sweet.edit', 0, 0, 0, 1, '2025-10-30 07:03:36', NULL),
(576, 31, 'Delete Sweet', 'deleteData', 0, 0, 'admin.sweet.delete', NULL, 0, 0, 0, 1, '2025-10-30 07:03:36', NULL),
(577, 31, 'Delete Sweet Image', 'deleteFile', 0, 0, 'admin.sweet.deletefile', 'admin.sweet.edit', 0, 0, 0, 1, '2025-10-30 07:03:36', NULL),
(591, 32, 'Categories', 'index', 0, 0, 'admin.category.sweet.index', NULL, 1, 0, 1, 1, '2025-10-30 07:03:36', NULL),
(592, 32, 'Add Category', 'create', 0, 0, 'admin.category.sweet.create', NULL, 0, 0, 0, 1, '2025-10-30 07:03:36', NULL),
(593, 32, 'Store Category', 'store', 0, 0, 'admin.category.sweet.store', 'admin.category.sweet.create', 0, 0, 0, 1, '2025-10-30 07:03:36', NULL),
(594, 32, 'Edit Category', 'edit', 0, 0, 'admin.category.sweet.edit', NULL, 0, 0, 0, 1, '2025-10-30 07:03:36', NULL),
(595, 32, 'Update Category', 'update', 0, 0, 'admin.category.sweet.update', 'admin.category.sweet.edit', 0, 0, 0, 1, '2025-10-30 07:03:36', NULL),
(596, 32, 'Delete Category', 'deleteData', 0, 0, 'admin.category.sweet.delete', NULL, 0, 0, 0, 1, '2025-10-30 07:03:36', NULL),
(597, 32, 'Delete Category Image', 'deleteFile', 0, 0, 'admin.category.sweet.deletefile', 'admin.category.sweet.edit', 0, 0, 0, 1, '2025-10-30 07:03:36', NULL),
(611, 33, 'All Cakes', 'index', 0, 0, 'admin.cake.index', NULL, 1, 0, 1, 1, '2025-10-30 07:03:36', NULL),
(612, 33, 'Add Cake', 'create', 0, 0, 'admin.cake.create', NULL, 1, 0, 2, 1, '2025-10-30 07:03:36', NULL),
(613, 33, 'Store Cake', 'store', 0, 0, 'admin.cake.store', 'admin.cake.create', 0, 0, 0, 1, '2025-10-30 07:03:36', NULL),
(614, 33, 'Edit Cake', 'edit', 0, 0, 'admin.cake.edit', NULL, 0, 0, 0, 1, '2025-10-30 07:03:36', NULL),
(615, 33, 'Update Cake', 'update', 0, 0, 'admin.cake.update', 'admin.cake.edit', 0, 0, 0, 1, '2025-10-30 07:03:36', NULL),
(616, 33, 'Delete Cake', 'deleteData', 0, 0, 'admin.cake.delete', NULL, 0, 0, 0, 1, '2025-10-30 07:03:36', NULL),
(617, 33, 'Delete Cake Image', 'deleteFile', 0, 0, 'admin.cake.deletefile', 'admin.cake.edit', 0, 0, 0, 1, '2025-10-30 07:03:36', NULL),
(631, 34, 'Categories', 'index', 0, 0, 'admin.category.cake.index', NULL, 1, 0, 1, 1, '2025-10-30 07:03:36', NULL),
(632, 34, 'Add Category', 'create', 0, 0, 'admin.category.cake.create', NULL, 0, 0, 0, 1, '2025-10-30 07:03:36', NULL),
(633, 34, 'Store Category', 'store', 0, 0, 'admin.category.cake.store', 'admin.category.cake.create', 0, 0, 0, 1, '2025-10-30 07:03:36', NULL),
(634, 34, 'Edit Category', 'edit', 0, 0, 'admin.category.cake.edit', NULL, 0, 0, 0, 1, '2025-10-30 07:03:36', NULL),
(635, 34, 'Update Category', 'update', 0, 0, 'admin.category.cake.update', 'admin.category.cake.edit', 0, 0, 0, 1, '2025-10-30 07:03:36', NULL),
(636, 34, 'Delete Category', 'deleteData', 0, 0, 'admin.category.cake.delete', NULL, 0, 0, 0, 1, '2025-10-30 07:03:36', NULL),
(637, 34, 'Delete Category Image', 'deleteFile', 0, 0, 'admin.category.cake.deletefile', 'admin.category.cake.edit', 0, 0, 0, 1, '2025-10-30 07:03:36', NULL),
(651, 35, 'All Gift Cards', 'index', 0, 0, 'admin.gift-card.index', NULL, 1, 0, 1, 1, '2025-10-30 07:03:36', NULL),
(652, 35, 'Add Gift Card', 'create', 0, 0, 'admin.gift-card.create', NULL, 1, 0, 2, 1, '2025-10-30 07:03:36', NULL),
(653, 35, 'Store Gift Card', 'store', 0, 0, 'admin.gift-card.store', 'admin.gift-card.create', 0, 0, 0, 1, '2025-10-30 07:03:36', NULL),
(654, 35, 'Edit Gift Card', 'edit', 0, 0, 'admin.gift-card.edit', NULL, 0, 0, 0, 1, '2025-10-30 07:03:36', NULL),
(655, 35, 'Update Gift Card', 'update', 0, 0, 'admin.gift-card.update', 'admin.gift-card.edit', 0, 0, 0, 1, '2025-10-30 07:03:36', NULL),
(656, 35, 'Delete Gift Card', 'deleteData', 0, 0, 'admin.gift-card.delete', NULL, 0, 0, 0, 1, '2025-10-30 07:03:36', NULL),
(657, 35, 'Delete Gift Card Image', 'deleteFile', 0, 0, 'admin.gift-card.deletefile', 'admin.gift-card.edit', 0, 0, 0, 1, '2025-10-30 07:03:36', NULL),
(691, 36, 'Email Templates', 'index', 0, 0, 'admin.email-template.index', NULL, 1, 0, 0, 1, '2025-10-30 07:03:36', NULL),
(692, 36, 'Add Email Template', 'create', 0, 0, 'admin.email-template.create', NULL, 0, 0, 0, 1, '2025-10-30 07:03:36', NULL),
(693, 36, 'Store Email Template', 'store', 0, 0, 'admin.email-template.store', 'admin.email-template.create', 0, 0, 0, 1, '2025-10-30 07:03:36', NULL),
(694, 36, 'Edit Email Template', 'edit', 0, 0, 'admin.email-template.edit', NULL, 0, 0, 0, 1, '2025-10-30 07:03:36', NULL),
(695, 36, 'Update Email Template', 'update', 0, 0, 'admin.email-template.update', 'admin.email-template.edit', 0, 0, 0, 1, '2025-10-30 07:03:36', NULL),
(696, 36, 'Delete Email Template', 'deleteData', 0, 0, 'admin.email-template.delete', NULL, 0, 0, 0, 1, '2025-10-30 07:03:36', NULL),
(711, 37, 'Coupons', 'index', 0, 0, 'admin.coupon.index', NULL, 1, 0, 0, 1, '2025-10-30 07:03:36', NULL),
(712, 37, 'Add Coupon', 'create', 0, 0, 'admin.coupon.create', NULL, 0, 0, 0, 1, '2025-10-30 07:03:36', NULL),
(713, 37, 'Store Coupon', 'store', 0, 0, 'admin.coupon.store', 'admin.coupon.create', 0, 0, 0, 1, '2025-10-30 07:03:36', NULL),
(714, 37, 'Edit Coupon', 'edit', 0, 0, 'admin.coupon.edit', NULL, 0, 0, 0, 1, '2025-10-30 07:03:36', NULL),
(715, 37, 'Update Coupon', 'update', 0, 0, 'admin.coupon.update', 'admin.coupon.edit', 0, 0, 0, 1, '2025-10-30 07:03:36', NULL),
(716, 37, 'Delete Coupon', 'deleteData', 0, 0, 'admin.coupon.delete', NULL, 0, 0, 0, 1, '2025-10-30 07:03:36', NULL),
(731, 38, 'All Delivery Partners', 'index', 0, 0, 'admin.delivery-partner.index', NULL, 1, 0, 1, 1, '2025-10-30 07:03:36', NULL),
(732, 38, 'Add Delivery Partner', 'create', 0, 0, 'admin.delivery-partner.create', NULL, 1, 0, 2, 1, '2025-10-30 07:03:36', NULL),
(733, 38, 'Store Delivery Partner', 'store', 0, 0, 'admin.delivery-partner.store', 'admin.delivery-partner.create', 0, 0, 0, 1, '2025-10-30 07:03:36', NULL),
(734, 38, 'Edit Delivery Partner', 'edit', 0, 0, 'admin.delivery-partner.edit', NULL, 0, 0, 0, 1, '2025-10-30 07:03:36', NULL),
(735, 38, 'Update Delivery Partner', 'update', 0, 0, 'admin.delivery-partner.update', 'admin.delivery-partner.edit', 0, 0, 0, 1, '2025-10-30 07:03:36', NULL),
(736, 38, 'Delete Delivery Partner', 'deleteData', 0, 0, 'admin.delivery-partner.delete', NULL, 0, 0, 0, 1, '2025-10-30 07:03:36', NULL),
(751, 39, 'All Galleries', 'index', 0, 0, 'admin.gallery.index', NULL, 1, 0, 1, 1, '2025-10-30 07:03:36', NULL),
(752, 39, 'Add Gallery', 'create', 0, 0, 'admin.gallery.create', NULL, 1, 0, 2, 1, '2025-10-30 07:03:36', NULL),
(753, 39, 'Store Gallery', 'store', 0, 0, 'admin.gallery.store', 'admin.gallery.create', 0, 0, 0, 1, '2025-10-30 07:03:36', NULL),
(754, 39, 'Edit Gallery', 'edit', 0, 0, 'admin.gallery.edit', NULL, 0, 0, 0, 1, '2025-10-30 07:03:36', NULL),
(755, 39, 'Update Gallery', 'update', 0, 0, 'admin.gallery.update', 'admin.gallery.edit', 0, 0, 0, 1, '2025-10-30 07:03:36', NULL),
(756, 39, 'Delete Gallery', 'deleteData', 0, 0, 'admin.gallery.delete', NULL, 0, 0, 0, 1, '2025-10-30 07:03:36', NULL),
(771, 40, 'All Gallery Items', 'index', 0, 0, 'admin.gallery.gallery-item.index', NULL, 0, 0, 0, 1, '2025-10-30 07:03:36', NULL),
(772, 40, 'Add Gallery Item', 'create', 0, 0, 'admin.gallery.gallery-item.create', NULL, 0, 0, 0, 1, '2025-10-30 07:03:36', NULL),
(773, 40, 'Store Gallery Item', 'store', 0, 0, 'admin.gallery.gallery-item.store', 'admin.gallery.gallery-item.create', 0, 0, 0, 1, '2025-10-30 07:03:36', NULL),
(774, 40, 'Edit Gallery Item', 'edit', 0, 0, 'admin.gallery.gallery-item.edit', NULL, 0, 0, 0, 1, '2025-10-30 07:03:36', NULL),
(775, 40, 'Update Gallery Item', 'update', 0, 0, 'admin.gallery.gallery-item.update', 'admin.gallery.gallery-item.edit', 0, 0, 0, 1, '2025-10-30 07:03:36', NULL),
(776, 40, 'Delete Gallery Item', 'deleteData', 0, 0, 'admin.gallery.gallery-item.delete', NULL, 0, 0, 0, 1, '2025-10-30 07:03:36', NULL),
(777, 40, 'Delete Gallery Item Image', 'deleteFile', 0, 0, 'admin.gallery.gallery-item.deletefile', 'admin.gallery.gallery-item.edit', 0, 0, 0, 1, '2025-10-30 07:03:36', NULL);

-- --------------------------------------------------------

--
-- Table structure for table `rbs_order_by_tray_unit_specification`
--

CREATE TABLE `rbs_order_by_tray_unit_specification` (
  `obtus_id` int UNSIGNED NOT NULL,
  `item_id` int NOT NULL DEFAULT '0',
  `no_of_people` int NOT NULL DEFAULT '0',
  `unit_price` decimal(10,2) NOT NULL DEFAULT '0.00',
  `unit_name` varchar(128) CHARACTER SET utf8mb4 COLLATE utf8mb4_unicode_ci DEFAULT NULL,
  `c_order` int NOT NULL DEFAULT '0',
  `status` enum('Enabled','Disabled') CHARACTER SET utf8mb4 COLLATE utf8mb4_unicode_ci NOT NULL DEFAULT 'Enabled',
  `created_id` int NOT NULL DEFAULT '0',
  `updated_id` int NOT NULL DEFAULT '0',
  `created_at` timestamp NULL DEFAULT NULL,
  `updated_at` timestamp NULL DEFAULT NULL
) ENGINE=InnoDB DEFAULT CHARSET=utf8mb4 COLLATE=utf8mb4_unicode_ci;

--
-- Dumping data for table `rbs_order_by_tray_unit_specification`
--

INSERT INTO `rbs_order_by_tray_unit_specification` (`obtus_id`, `item_id`, `no_of_people`, `unit_price`, `unit_name`, `c_order`, `status`, `created_id`, `updated_id`, `created_at`, `updated_at`) VALUES
(4, 8, 12, 12.00, 'Lorem Ipsum', 1, 'Enabled', 1, 1, '2025-09-05 04:18:40', '2025-09-05 04:32:23'),
(5, 8, 3, 13.00, 'Lorem Ipsum2', 2, 'Enabled', 1, 1, '2025-09-05 04:23:37', '2025-09-05 04:23:37'),
(6, 8, 4, 14.00, 'Lorem Ipsum3', 3, 'Enabled', 1, 1, '2025-09-05 04:33:12', '2025-09-05 04:33:12'),
(7, 9, 2, 12.00, 'Lorem Ipsum', 1, 'Enabled', 1, 1, '2025-09-05 04:37:32', '2025-09-05 04:37:32');

-- --------------------------------------------------------

--
-- Table structure for table `rbs_page`
--

CREATE TABLE `rbs_page` (
  `page_id` int UNSIGNED NOT NULL,
  `title` varchar(255) COLLATE utf8mb4_unicode_ci NOT NULL,
  `slug` varchar(255) COLLATE utf8mb4_unicode_ci NOT NULL,
  `description` text COLLATE utf8mb4_unicode_ci,
  `image` varchar(255) COLLATE utf8mb4_unicode_ci DEFAULT NULL,
  `location_id` int NOT NULL DEFAULT '0',
  `parent_id` int NOT NULL DEFAULT '0',
  `template_id` int NOT NULL,
  `note` varchar(255) COLLATE utf8mb4_unicode_ci DEFAULT NULL,
  `c_order` int NOT NULL DEFAULT '0',
  `status` enum('Enabled','Disabled') COLLATE utf8mb4_unicode_ci NOT NULL DEFAULT 'Enabled',
  `created_id` int NOT NULL DEFAULT '0',
  `updated_id` int NOT NULL DEFAULT '0',
  `created_at` timestamp NULL DEFAULT NULL,
  `updated_at` timestamp NULL DEFAULT NULL
) ENGINE=InnoDB DEFAULT CHARSET=utf8mb4 COLLATE=utf8mb4_unicode_ci;

--
-- Dumping data for table `rbs_page`
--

INSERT INTO `rbs_page` (`page_id`, `title`, `slug`, `description`, `image`, `location_id`, `parent_id`, `template_id`, `note`, `c_order`, `status`, `created_id`, `updated_id`, `created_at`, `updated_at`) VALUES
(3, 'Home', 'home', NULL, 'Group-10-1760792365.jpg', 3, 0, 1, NULL, 0, 'Enabled', 1, 1, '2025-10-18 08:59:25', '2025-10-21 11:00:42'),
(4, 'Home', 'home', NULL, 'Group-10-1760792431.jpg', 1, 0, 1, NULL, 0, 'Enabled', 1, 1, '2025-10-18 09:00:31', '2025-10-21 11:00:12');

-- --------------------------------------------------------

--
-- Table structure for table `rbs_password_reset_tokens`
--

CREATE TABLE `rbs_password_reset_tokens` (
  `email` varchar(255) CHARACTER SET utf8mb4 COLLATE utf8mb4_unicode_ci NOT NULL,
  `token` varchar(255) CHARACTER SET utf8mb4 COLLATE utf8mb4_unicode_ci NOT NULL,
  `created_at` timestamp NULL DEFAULT NULL
) ENGINE=InnoDB DEFAULT CHARSET=utf8mb4 COLLATE=utf8mb4_unicode_ci;

-- --------------------------------------------------------

--
-- Table structure for table `rbs_personal_access_tokens`
--

CREATE TABLE `rbs_personal_access_tokens` (
  `id` bigint UNSIGNED NOT NULL,
  `tokenable_type` varchar(255) CHARACTER SET utf8mb4 COLLATE utf8mb4_unicode_ci NOT NULL,
  `tokenable_id` bigint UNSIGNED NOT NULL,
  `name` varchar(255) CHARACTER SET utf8mb4 COLLATE utf8mb4_unicode_ci NOT NULL,
  `token` varchar(64) CHARACTER SET utf8mb4 COLLATE utf8mb4_unicode_ci NOT NULL,
  `abilities` text CHARACTER SET utf8mb4 COLLATE utf8mb4_unicode_ci,
  `last_used_at` timestamp NULL DEFAULT NULL,
  `expires_at` timestamp NULL DEFAULT NULL,
  `created_at` timestamp NULL DEFAULT NULL,
  `updated_at` timestamp NULL DEFAULT NULL
) ENGINE=InnoDB DEFAULT CHARSET=utf8mb4 COLLATE=utf8mb4_unicode_ci;

-- --------------------------------------------------------

--
-- Table structure for table `rbs_role_module_method_rights`
--

CREATE TABLE `rbs_role_module_method_rights` (
  `role_module_method_right_id` int UNSIGNED NOT NULL,
  `role_id` int NOT NULL,
  `module_id` int NOT NULL,
  `method_id` int NOT NULL,
  `created_at` timestamp NULL DEFAULT NULL,
  `updated_at` timestamp NULL DEFAULT NULL,
  `deleted_at` timestamp NULL DEFAULT NULL
) ENGINE=InnoDB DEFAULT CHARSET=utf8mb4 COLLATE=utf8mb4_unicode_ci;

--
-- Dumping data for table `rbs_role_module_method_rights`
--

INSERT INTO `rbs_role_module_method_rights` (`role_module_method_right_id`, `role_id`, `module_id`, `method_id`, `created_at`, `updated_at`, `deleted_at`) VALUES
(1, 1, 1, 1, '2025-10-30 07:03:45', '2025-10-30 07:03:45', NULL),
(2, 1, 2, 2, '2025-10-30 07:03:45', '2025-10-30 07:03:45', NULL),
(3, 1, 2, 3, '2025-10-30 07:03:45', '2025-10-30 07:03:45', NULL),
(4, 1, 2, 4, '2025-10-30 07:03:45', '2025-10-30 07:03:45', NULL),
(5, 1, 2, 5, '2025-10-30 07:03:45', '2025-10-30 07:03:45', NULL),
(6, 1, 3, 11, '2025-10-30 07:03:45', '2025-10-30 07:03:45', NULL),
(7, 1, 3, 12, '2025-10-30 07:03:45', '2025-10-30 07:03:45', NULL),
(8, 1, 3, 13, '2025-10-30 07:03:45', '2025-10-30 07:03:45', NULL),
(9, 1, 3, 14, '2025-10-30 07:03:45', '2025-10-30 07:03:45', NULL),
(10, 1, 3, 15, '2025-10-30 07:03:45', '2025-10-30 07:03:45', NULL),
(11, 1, 3, 16, '2025-10-30 07:03:45', '2025-10-30 07:03:45', NULL),
(12, 1, 3, 17, '2025-10-30 07:03:45', '2025-10-30 07:03:45', NULL),
(13, 1, 3, 18, '2025-10-30 07:03:45', '2025-10-30 07:03:45', NULL),
(14, 1, 3, 19, '2025-10-30 07:03:45', '2025-10-30 07:03:45', NULL),
(15, 1, 3, 20, '2025-10-30 07:03:45', '2025-10-30 07:03:45', NULL),
(16, 1, 4, 31, '2025-10-30 07:03:45', '2025-10-30 07:03:45', NULL),
(17, 1, 4, 32, '2025-10-30 07:03:45', '2025-10-30 07:03:45', NULL),
(18, 1, 4, 33, '2025-10-30 07:03:45', '2025-10-30 07:03:45', NULL),
(19, 1, 4, 34, '2025-10-30 07:03:45', '2025-10-30 07:03:45', NULL),
(20, 1, 4, 35, '2025-10-30 07:03:45', '2025-10-30 07:03:45', NULL),
(21, 1, 4, 36, '2025-10-30 07:03:45', '2025-10-30 07:03:45', NULL),
(22, 1, 5, 51, '2025-10-30 07:03:45', '2025-10-30 07:03:45', NULL),
(23, 1, 5, 52, '2025-10-30 07:03:45', '2025-10-30 07:03:45', NULL),
(24, 1, 5, 53, '2025-10-30 07:03:45', '2025-10-30 07:03:45', NULL),
(25, 1, 5, 54, '2025-10-30 07:03:45', '2025-10-30 07:03:45', NULL),
(26, 1, 5, 55, '2025-10-30 07:03:45', '2025-10-30 07:03:45', NULL),
(27, 1, 7, 91, '2025-10-30 07:03:45', '2025-10-30 07:03:45', NULL),
(28, 1, 7, 92, '2025-10-30 07:03:45', '2025-10-30 07:03:45', NULL),
(29, 1, 7, 93, '2025-10-30 07:03:45', '2025-10-30 07:03:45', NULL),
(30, 1, 7, 94, '2025-10-30 07:03:45', '2025-10-30 07:03:45', NULL),
(31, 1, 7, 95, '2025-10-30 07:03:45', '2025-10-30 07:03:45', NULL),
(32, 1, 7, 96, '2025-10-30 07:03:45', '2025-10-30 07:03:45', NULL),
(33, 1, 7, 97, '2025-10-30 07:03:45', '2025-10-30 07:03:45', NULL),
(34, 1, 8, 111, '2025-10-30 07:03:45', '2025-10-30 07:03:45', NULL),
(35, 1, 8, 112, '2025-10-30 07:03:45', '2025-10-30 07:03:45', NULL),
(36, 1, 8, 113, '2025-10-30 07:03:45', '2025-10-30 07:03:45', NULL),
(37, 1, 8, 114, '2025-10-30 07:03:45', '2025-10-30 07:03:45', NULL),
(38, 1, 8, 115, '2025-10-30 07:03:45', '2025-10-30 07:03:45', NULL),
(39, 1, 8, 116, '2025-10-30 07:03:45', '2025-10-30 07:03:45', NULL),
(40, 1, 9, 131, '2025-10-30 07:03:45', '2025-10-30 07:03:45', NULL),
(41, 1, 9, 132, '2025-10-30 07:03:45', '2025-10-30 07:03:45', NULL),
(42, 1, 9, 133, '2025-10-30 07:03:45', '2025-10-30 07:03:45', NULL),
(43, 1, 9, 134, '2025-10-30 07:03:45', '2025-10-30 07:03:45', NULL),
(44, 1, 9, 135, '2025-10-30 07:03:45', '2025-10-30 07:03:45', NULL),
(45, 1, 9, 136, '2025-10-30 07:03:45', '2025-10-30 07:03:45', NULL),
(46, 1, 10, 151, '2025-10-30 07:03:45', '2025-10-30 07:03:45', NULL),
(47, 1, 10, 152, '2025-10-30 07:03:45', '2025-10-30 07:03:45', NULL),
(48, 1, 10, 153, '2025-10-30 07:03:45', '2025-10-30 07:03:45', NULL),
(49, 1, 10, 154, '2025-10-30 07:03:45', '2025-10-30 07:03:45', NULL),
(50, 1, 10, 155, '2025-10-30 07:03:45', '2025-10-30 07:03:45', NULL),
(51, 1, 10, 156, '2025-10-30 07:03:45', '2025-10-30 07:03:45', NULL),
(52, 1, 13, 211, '2025-10-30 07:03:45', '2025-10-30 07:03:45', NULL),
(53, 1, 13, 212, '2025-10-30 07:03:45', '2025-10-30 07:03:45', NULL),
(54, 1, 13, 213, '2025-10-30 07:03:45', '2025-10-30 07:03:45', NULL),
(55, 1, 13, 214, '2025-10-30 07:03:45', '2025-10-30 07:03:45', NULL),
(56, 1, 13, 215, '2025-10-30 07:03:45', '2025-10-30 07:03:45', NULL),
(57, 1, 13, 216, '2025-10-30 07:03:45', '2025-10-30 07:03:45', NULL),
(58, 1, 13, 217, '2025-10-30 07:03:45', '2025-10-30 07:03:45', NULL),
(59, 1, 14, 231, '2025-10-30 07:03:45', '2025-10-30 07:03:45', NULL),
(60, 1, 14, 232, '2025-10-30 07:03:45', '2025-10-30 07:03:45', NULL),
(61, 1, 14, 233, '2025-10-30 07:03:45', '2025-10-30 07:03:45', NULL),
(62, 1, 14, 234, '2025-10-30 07:03:45', '2025-10-30 07:03:45', NULL),
(63, 1, 14, 235, '2025-10-30 07:03:45', '2025-10-30 07:03:45', NULL),
(64, 1, 14, 236, '2025-10-30 07:03:45', '2025-10-30 07:03:45', NULL),
(65, 1, 14, 237, '2025-10-30 07:03:45', '2025-10-30 07:03:45', NULL),
(66, 1, 15, 251, '2025-10-30 07:03:45', '2025-10-30 07:03:45', NULL),
(67, 1, 15, 252, '2025-10-30 07:03:45', '2025-10-30 07:03:45', NULL),
(68, 1, 15, 253, '2025-10-30 07:03:45', '2025-10-30 07:03:45', NULL),
(69, 1, 15, 254, '2025-10-30 07:03:45', '2025-10-30 07:03:45', NULL),
(70, 1, 15, 255, '2025-10-30 07:03:45', '2025-10-30 07:03:45', NULL),
(71, 1, 15, 256, '2025-10-30 07:03:45', '2025-10-30 07:03:45', NULL),
(72, 1, 15, 257, '2025-10-30 07:03:45', '2025-10-30 07:03:45', NULL),
(73, 1, 15, 258, '2025-10-30 07:03:45', '2025-10-30 07:03:45', NULL),
(74, 1, 16, 271, '2025-10-30 07:03:45', '2025-10-30 07:03:45', NULL),
(75, 1, 16, 272, '2025-10-30 07:03:45', '2025-10-30 07:03:45', NULL),
(76, 1, 16, 273, '2025-10-30 07:03:45', '2025-10-30 07:03:45', NULL),
(77, 1, 16, 274, '2025-10-30 07:03:45', '2025-10-30 07:03:45', NULL),
(78, 1, 16, 275, '2025-10-30 07:03:45', '2025-10-30 07:03:45', NULL),
(79, 1, 16, 276, '2025-10-30 07:03:45', '2025-10-30 07:03:45', NULL),
(80, 1, 16, 277, '2025-10-30 07:03:45', '2025-10-30 07:03:45', NULL),
(81, 1, 17, 291, '2025-10-30 07:03:45', '2025-10-30 07:03:45', NULL),
(82, 1, 17, 292, '2025-10-30 07:03:45', '2025-10-30 07:03:45', NULL),
(83, 1, 17, 293, '2025-10-30 07:03:45', '2025-10-30 07:03:45', NULL),
(84, 1, 17, 294, '2025-10-30 07:03:45', '2025-10-30 07:03:45', NULL),
(85, 1, 17, 295, '2025-10-30 07:03:45', '2025-10-30 07:03:45', NULL),
(86, 1, 17, 296, '2025-10-30 07:03:45', '2025-10-30 07:03:45', NULL),
(87, 1, 18, 311, '2025-10-30 07:03:45', '2025-10-30 07:03:45', NULL),
(88, 1, 18, 312, '2025-10-30 07:03:45', '2025-10-30 07:03:45', NULL),
(89, 1, 18, 313, '2025-10-30 07:03:45', '2025-10-30 07:03:45', NULL),
(90, 1, 18, 314, '2025-10-30 07:03:45', '2025-10-30 07:03:45', NULL),
(91, 1, 18, 315, '2025-10-30 07:03:45', '2025-10-30 07:03:45', NULL),
(92, 1, 18, 316, '2025-10-30 07:03:45', '2025-10-30 07:03:45', NULL),
(93, 1, 18, 317, '2025-10-30 07:03:45', '2025-10-30 07:03:45', NULL),
(94, 1, 19, 331, '2025-10-30 07:03:45', '2025-10-30 07:03:45', NULL),
(95, 1, 19, 332, '2025-10-30 07:03:45', '2025-10-30 07:03:45', NULL),
(96, 1, 19, 333, '2025-10-30 07:03:45', '2025-10-30 07:03:45', NULL),
(97, 1, 19, 334, '2025-10-30 07:03:45', '2025-10-30 07:03:45', NULL),
(98, 1, 19, 335, '2025-10-30 07:03:45', '2025-10-30 07:03:45', NULL),
(99, 1, 19, 336, '2025-10-30 07:03:45', '2025-10-30 07:03:45', NULL),
(100, 1, 19, 337, '2025-10-30 07:03:45', '2025-10-30 07:03:45', NULL),
(101, 1, 20, 351, '2025-10-30 07:03:45', '2025-10-30 07:03:45', NULL),
(102, 1, 20, 352, '2025-10-30 07:03:45', '2025-10-30 07:03:45', NULL),
(103, 1, 20, 353, '2025-10-30 07:03:45', '2025-10-30 07:03:45', NULL),
(104, 1, 20, 354, '2025-10-30 07:03:45', '2025-10-30 07:03:45', NULL),
(105, 1, 20, 355, '2025-10-30 07:03:45', '2025-10-30 07:03:45', NULL),
(106, 1, 20, 356, '2025-10-30 07:03:45', '2025-10-30 07:03:45', NULL),
(107, 1, 20, 357, '2025-10-30 07:03:45', '2025-10-30 07:03:45', NULL),
(108, 1, 21, 371, '2025-10-30 07:03:45', '2025-10-30 07:03:45', NULL),
(109, 1, 21, 372, '2025-10-30 07:03:45', '2025-10-30 07:03:45', NULL),
(110, 1, 21, 373, '2025-10-30 07:03:45', '2025-10-30 07:03:45', NULL),
(111, 1, 21, 374, '2025-10-30 07:03:45', '2025-10-30 07:03:45', NULL),
(112, 1, 21, 375, '2025-10-30 07:03:45', '2025-10-30 07:03:45', NULL),
(113, 1, 21, 376, '2025-10-30 07:03:45', '2025-10-30 07:03:45', NULL),
(114, 1, 22, 391, '2025-10-30 07:03:45', '2025-10-30 07:03:45', NULL),
(115, 1, 22, 392, '2025-10-30 07:03:45', '2025-10-30 07:03:45', NULL),
(116, 1, 22, 393, '2025-10-30 07:03:45', '2025-10-30 07:03:45', NULL),
(117, 1, 22, 394, '2025-10-30 07:03:45', '2025-10-30 07:03:45', NULL),
(118, 1, 22, 395, '2025-10-30 07:03:45', '2025-10-30 07:03:45', NULL),
(119, 1, 22, 396, '2025-10-30 07:03:45', '2025-10-30 07:03:45', NULL),
(120, 1, 23, 411, '2025-10-30 07:03:45', '2025-10-30 07:03:45', NULL),
(121, 1, 23, 412, '2025-10-30 07:03:45', '2025-10-30 07:03:45', NULL),
(122, 1, 23, 413, '2025-10-30 07:03:45', '2025-10-30 07:03:45', NULL),
(123, 1, 23, 414, '2025-10-30 07:03:45', '2025-10-30 07:03:45', NULL),
(124, 1, 23, 415, '2025-10-30 07:03:45', '2025-10-30 07:03:45', NULL),
(125, 1, 23, 416, '2025-10-30 07:03:45', '2025-10-30 07:03:45', NULL),
(126, 1, 23, 417, '2025-10-30 07:03:45', '2025-10-30 07:03:45', NULL),
(127, 1, 24, 431, '2025-10-30 07:03:45', '2025-10-30 07:03:45', NULL),
(128, 1, 24, 432, '2025-10-30 07:03:45', '2025-10-30 07:03:45', NULL),
(129, 1, 24, 433, '2025-10-30 07:03:45', '2025-10-30 07:03:45', NULL),
(130, 1, 24, 434, '2025-10-30 07:03:45', '2025-10-30 07:03:45', NULL),
(131, 1, 24, 435, '2025-10-30 07:03:45', '2025-10-30 07:03:45', NULL),
(132, 1, 24, 436, '2025-10-30 07:03:45', '2025-10-30 07:03:45', NULL),
(133, 1, 24, 437, '2025-10-30 07:03:45', '2025-10-30 07:03:45', NULL),
(134, 1, 25, 451, '2025-10-30 07:03:45', '2025-10-30 07:03:45', NULL),
(135, 1, 25, 452, '2025-10-30 07:03:45', '2025-10-30 07:03:45', NULL),
(136, 1, 25, 453, '2025-10-30 07:03:45', '2025-10-30 07:03:45', NULL),
(137, 1, 25, 454, '2025-10-30 07:03:45', '2025-10-30 07:03:45', NULL),
(138, 1, 25, 455, '2025-10-30 07:03:45', '2025-10-30 07:03:45', NULL),
(139, 1, 25, 456, '2025-10-30 07:03:45', '2025-10-30 07:03:45', NULL),
(140, 1, 26, 471, '2025-10-30 07:03:45', '2025-10-30 07:03:45', NULL),
(141, 1, 26, 472, '2025-10-30 07:03:45', '2025-10-30 07:03:45', NULL),
(142, 1, 26, 473, '2025-10-30 07:03:45', '2025-10-30 07:03:45', NULL),
(143, 1, 26, 474, '2025-10-30 07:03:45', '2025-10-30 07:03:45', NULL),
(144, 1, 26, 475, '2025-10-30 07:03:45', '2025-10-30 07:03:45', NULL),
(145, 1, 26, 476, '2025-10-30 07:03:45', '2025-10-30 07:03:45', NULL),
(146, 1, 27, 491, '2025-10-30 07:03:45', '2025-10-30 07:03:45', NULL),
(147, 1, 27, 492, '2025-10-30 07:03:45', '2025-10-30 07:03:45', NULL),
(148, 1, 27, 493, '2025-10-30 07:03:45', '2025-10-30 07:03:45', NULL),
(149, 1, 27, 494, '2025-10-30 07:03:45', '2025-10-30 07:03:45', NULL),
(150, 1, 27, 495, '2025-10-30 07:03:45', '2025-10-30 07:03:45', NULL),
(151, 1, 27, 496, '2025-10-30 07:03:45', '2025-10-30 07:03:45', NULL),
(152, 1, 27, 497, '2025-10-30 07:03:45', '2025-10-30 07:03:45', NULL),
(153, 1, 28, 511, '2025-10-30 07:03:45', '2025-10-30 07:03:45', NULL),
(154, 1, 28, 512, '2025-10-30 07:03:45', '2025-10-30 07:03:45', NULL),
(155, 1, 28, 513, '2025-10-30 07:03:45', '2025-10-30 07:03:45', NULL),
(156, 1, 28, 514, '2025-10-30 07:03:45', '2025-10-30 07:03:45', NULL),
(157, 1, 28, 515, '2025-10-30 07:03:45', '2025-10-30 07:03:45', NULL),
(158, 1, 28, 516, '2025-10-30 07:03:45', '2025-10-30 07:03:45', NULL),
(159, 1, 28, 517, '2025-10-30 07:03:45', '2025-10-30 07:03:45', NULL),
(160, 1, 29, 531, '2025-10-30 07:03:45', '2025-10-30 07:03:45', NULL),
(161, 1, 29, 532, '2025-10-30 07:03:45', '2025-10-30 07:03:45', NULL),
(162, 1, 29, 533, '2025-10-30 07:03:45', '2025-10-30 07:03:45', NULL),
(163, 1, 29, 534, '2025-10-30 07:03:45', '2025-10-30 07:03:45', NULL),
(164, 1, 29, 535, '2025-10-30 07:03:45', '2025-10-30 07:03:45', NULL),
(165, 1, 29, 536, '2025-10-30 07:03:45', '2025-10-30 07:03:45', NULL),
(166, 1, 30, 551, '2025-10-30 07:03:45', '2025-10-30 07:03:45', NULL),
(167, 1, 30, 552, '2025-10-30 07:03:45', '2025-10-30 07:03:45', NULL),
(168, 1, 30, 553, '2025-10-30 07:03:45', '2025-10-30 07:03:45', NULL),
(169, 1, 30, 554, '2025-10-30 07:03:45', '2025-10-30 07:03:45', NULL),
(170, 1, 30, 555, '2025-10-30 07:03:45', '2025-10-30 07:03:45', NULL),
(171, 1, 30, 556, '2025-10-30 07:03:45', '2025-10-30 07:03:45', NULL),
(172, 1, 30, 557, '2025-10-30 07:03:45', '2025-10-30 07:03:45', NULL),
(173, 1, 31, 571, '2025-10-30 07:03:45', '2025-10-30 07:03:45', NULL),
(174, 1, 31, 572, '2025-10-30 07:03:45', '2025-10-30 07:03:45', NULL),
(175, 1, 31, 573, '2025-10-30 07:03:45', '2025-10-30 07:03:45', NULL),
(176, 1, 31, 574, '2025-10-30 07:03:45', '2025-10-30 07:03:45', NULL),
(177, 1, 31, 575, '2025-10-30 07:03:45', '2025-10-30 07:03:45', NULL),
(178, 1, 31, 576, '2025-10-30 07:03:45', '2025-10-30 07:03:45', NULL),
(179, 1, 31, 577, '2025-10-30 07:03:45', '2025-10-30 07:03:45', NULL),
(180, 1, 32, 591, '2025-10-30 07:03:45', '2025-10-30 07:03:45', NULL),
(181, 1, 32, 592, '2025-10-30 07:03:45', '2025-10-30 07:03:45', NULL),
(182, 1, 32, 593, '2025-10-30 07:03:45', '2025-10-30 07:03:45', NULL),
(183, 1, 32, 594, '2025-10-30 07:03:45', '2025-10-30 07:03:45', NULL),
(184, 1, 32, 595, '2025-10-30 07:03:45', '2025-10-30 07:03:45', NULL),
(185, 1, 32, 596, '2025-10-30 07:03:45', '2025-10-30 07:03:45', NULL),
(186, 1, 32, 597, '2025-10-30 07:03:45', '2025-10-30 07:03:45', NULL),
(187, 1, 33, 611, '2025-10-30 07:03:45', '2025-10-30 07:03:45', NULL),
(188, 1, 33, 612, '2025-10-30 07:03:45', '2025-10-30 07:03:45', NULL),
(189, 1, 33, 613, '2025-10-30 07:03:45', '2025-10-30 07:03:45', NULL),
(190, 1, 33, 614, '2025-10-30 07:03:45', '2025-10-30 07:03:45', NULL),
(191, 1, 33, 615, '2025-10-30 07:03:45', '2025-10-30 07:03:45', NULL),
(192, 1, 33, 616, '2025-10-30 07:03:45', '2025-10-30 07:03:45', NULL),
(193, 1, 33, 617, '2025-10-30 07:03:45', '2025-10-30 07:03:45', NULL),
(194, 1, 34, 631, '2025-10-30 07:03:45', '2025-10-30 07:03:45', NULL),
(195, 1, 34, 632, '2025-10-30 07:03:45', '2025-10-30 07:03:45', NULL),
(196, 1, 34, 633, '2025-10-30 07:03:45', '2025-10-30 07:03:45', NULL),
(197, 1, 34, 634, '2025-10-30 07:03:45', '2025-10-30 07:03:45', NULL),
(198, 1, 34, 635, '2025-10-30 07:03:45', '2025-10-30 07:03:45', NULL),
(199, 1, 34, 636, '2025-10-30 07:03:45', '2025-10-30 07:03:45', NULL),
(200, 1, 34, 637, '2025-10-30 07:03:45', '2025-10-30 07:03:45', NULL),
(201, 1, 35, 651, '2025-10-30 07:03:45', '2025-10-30 07:03:45', NULL),
(202, 1, 35, 652, '2025-10-30 07:03:45', '2025-10-30 07:03:45', NULL),
(203, 1, 35, 653, '2025-10-30 07:03:45', '2025-10-30 07:03:45', NULL),
(204, 1, 35, 654, '2025-10-30 07:03:45', '2025-10-30 07:03:45', NULL),
(205, 1, 35, 655, '2025-10-30 07:03:45', '2025-10-30 07:03:45', NULL),
(206, 1, 35, 656, '2025-10-30 07:03:45', '2025-10-30 07:03:45', NULL),
(207, 1, 35, 657, '2025-10-30 07:03:45', '2025-10-30 07:03:45', NULL),
(208, 1, 36, 691, '2025-10-30 07:03:45', '2025-10-30 07:03:45', NULL),
(209, 1, 36, 692, '2025-10-30 07:03:45', '2025-10-30 07:03:45', NULL),
(210, 1, 36, 693, '2025-10-30 07:03:45', '2025-10-30 07:03:45', NULL),
(211, 1, 36, 694, '2025-10-30 07:03:45', '2025-10-30 07:03:45', NULL),
(212, 1, 36, 695, '2025-10-30 07:03:45', '2025-10-30 07:03:45', NULL),
(213, 1, 36, 696, '2025-10-30 07:03:45', '2025-10-30 07:03:45', NULL),
(214, 1, 37, 711, '2025-10-30 07:03:45', '2025-10-30 07:03:45', NULL),
(215, 1, 37, 712, '2025-10-30 07:03:45', '2025-10-30 07:03:45', NULL),
(216, 1, 37, 713, '2025-10-30 07:03:45', '2025-10-30 07:03:45', NULL),
(217, 1, 37, 714, '2025-10-30 07:03:45', '2025-10-30 07:03:45', NULL),
(218, 1, 37, 715, '2025-10-30 07:03:45', '2025-10-30 07:03:45', NULL),
(219, 1, 37, 716, '2025-10-30 07:03:45', '2025-10-30 07:03:45', NULL),
(220, 1, 38, 731, '2025-10-30 07:03:45', '2025-10-30 07:03:45', NULL),
(221, 1, 38, 732, '2025-10-30 07:03:45', '2025-10-30 07:03:45', NULL),
(222, 1, 38, 733, '2025-10-30 07:03:45', '2025-10-30 07:03:45', NULL),
(223, 1, 38, 734, '2025-10-30 07:03:45', '2025-10-30 07:03:45', NULL),
(224, 1, 38, 735, '2025-10-30 07:03:45', '2025-10-30 07:03:45', NULL),
(225, 1, 38, 736, '2025-10-30 07:03:45', '2025-10-30 07:03:45', NULL),
(226, 1, 39, 751, '2025-10-30 07:03:45', '2025-10-30 07:03:45', NULL),
(227, 1, 39, 752, '2025-10-30 07:03:45', '2025-10-30 07:03:45', NULL),
(228, 1, 39, 753, '2025-10-30 07:03:45', '2025-10-30 07:03:45', NULL),
(229, 1, 39, 754, '2025-10-30 07:03:45', '2025-10-30 07:03:45', NULL),
(230, 1, 39, 755, '2025-10-30 07:03:45', '2025-10-30 07:03:45', NULL),
(231, 1, 39, 756, '2025-10-30 07:03:45', '2025-10-30 07:03:45', NULL),
(232, 1, 39, 757, '2025-10-30 07:03:45', '2025-10-30 07:03:45', NULL),
(233, 1, 40, 771, '2025-10-30 07:03:45', '2025-10-30 07:03:45', NULL),
(234, 1, 40, 772, '2025-10-30 07:03:45', '2025-10-30 07:03:45', NULL),
(235, 1, 40, 773, '2025-10-30 07:03:45', '2025-10-30 07:03:45', NULL),
(236, 1, 40, 774, '2025-10-30 07:03:45', '2025-10-30 07:03:45', NULL),
(237, 1, 40, 775, '2025-10-30 07:03:45', '2025-10-30 07:03:45', NULL),
(238, 1, 40, 776, '2025-10-30 07:03:45', '2025-10-30 07:03:45', NULL),
(239, 1, 40, 777, '2025-10-30 07:03:45', '2025-10-30 07:03:45', NULL);

-- --------------------------------------------------------

--
-- Table structure for table `rbs_seo_meta`
--

CREATE TABLE `rbs_seo_meta` (
  `id` bigint UNSIGNED NOT NULL,
  `seoable_type` varchar(255) CHARACTER SET utf8mb4 COLLATE utf8mb4_unicode_ci NOT NULL,
  `seoable_id` bigint UNSIGNED NOT NULL,
  `meta_title` varchar(255) CHARACTER SET utf8mb4 COLLATE utf8mb4_unicode_ci DEFAULT NULL,
  `meta_description` text CHARACTER SET utf8mb4 COLLATE utf8mb4_unicode_ci,
  `meta_keywords` varchar(500) CHARACTER SET utf8mb4 COLLATE utf8mb4_unicode_ci DEFAULT NULL,
  `og_title` varchar(255) CHARACTER SET utf8mb4 COLLATE utf8mb4_unicode_ci DEFAULT NULL,
  `og_description` text CHARACTER SET utf8mb4 COLLATE utf8mb4_unicode_ci,
  `og_image` varchar(512) CHARACTER SET utf8mb4 COLLATE utf8mb4_unicode_ci DEFAULT NULL,
  `canonical_url` varchar(512) CHARACTER SET utf8mb4 COLLATE utf8mb4_unicode_ci DEFAULT NULL,
  `noindex` tinyint(1) NOT NULL DEFAULT '0',
  `nofollow` tinyint(1) NOT NULL DEFAULT '0',
  `structured_data` longtext CHARACTER SET utf8mb4 COLLATE utf8mb4_bin,
  `created_id` int NOT NULL DEFAULT '0',
  `updated_id` int NOT NULL DEFAULT '0',
  `created_at` timestamp NULL DEFAULT NULL,
  `updated_at` timestamp NULL DEFAULT NULL
) ENGINE=InnoDB DEFAULT CHARSET=utf8mb4 COLLATE=utf8mb4_unicode_ci;

--
-- Dumping data for table `rbs_seo_meta`
--

INSERT INTO `rbs_seo_meta` (`id`, `seoable_type`, `seoable_id`, `meta_title`, `meta_description`, `meta_keywords`, `og_title`, `og_description`, `og_image`, `canonical_url`, `noindex`, `nofollow`, `structured_data`, `created_id`, `updated_id`, `created_at`, `updated_at`) VALUES
(6, 'Location', 1, NULL, NULL, NULL, NULL, NULL, 'Group-10-1755835160.jpg', NULL, 0, 0, NULL, 1, 1, '2025-08-18 04:53:09', '2025-08-21 18:29:20'),
(10, 'Item', 1, NULL, NULL, NULL, NULL, NULL, 'Group-10-1756824094.jpg', NULL, 0, 0, NULL, 1, 1, '2025-09-02 05:11:34', '2025-09-02 05:11:34'),
(11, 'Item', 2, 'Meta Title', NULL, NULL, NULL, NULL, NULL, NULL, 0, 0, NULL, 1, 1, '2025-09-02 06:44:29', '2025-09-02 06:44:29'),
(12, 'Category', 6, NULL, NULL, NULL, NULL, NULL, 'Group-10-1756830644.jpg', NULL, 0, 0, NULL, 1, 1, '2025-09-02 07:00:44', '2025-09-02 07:00:44'),
(13, 'Category', 10, NULL, NULL, NULL, NULL, NULL, 'Group-10-1756875090.jpg', NULL, 0, 0, NULL, 1, 1, '2025-09-02 19:21:30', '2025-09-02 19:21:30'),
(15, 'Item', 6, 'Meta Title', 'Meta Description', NULL, NULL, NULL, 'Group-10-1756879828.jpg', NULL, 0, 0, NULL, 1, 1, '2025-09-02 20:40:28', '2025-09-02 20:40:28'),
(17, 'Category', 12, 'Meta Title', NULL, NULL, NULL, NULL, 'Group-10-1756997963.jpg', NULL, 0, 0, NULL, 1, 1, '2025-09-04 05:29:23', '2025-09-04 05:29:23'),
(19, 'Item', 8, 'Meta Title', NULL, NULL, NULL, NULL, 'Group-10-1757042027.jpg', NULL, 0, 0, NULL, 1, 1, '2025-09-04 17:43:47', '2025-09-04 17:43:47'),
(21, 'CateringPackage', 2, NULL, NULL, NULL, NULL, NULL, 'Group-10-1758516331.jpg', NULL, 0, 0, NULL, 1, 1, '2025-09-21 19:15:31', '2025-09-21 19:15:31'),
(22, 'Category', 21, 'Meta Title', 'Meta Description', NULL, NULL, NULL, 'Group-10-1759202851.jpg', NULL, 0, 0, NULL, 1, 1, '2025-09-29 23:27:31', '2025-09-29 23:27:31'),
(23, 'Category', 22, 'Meta Title', NULL, NULL, NULL, NULL, 'Group-10-1759300385.jpg', NULL, 0, 0, NULL, 1, 1, '2025-10-01 02:30:54', '2025-10-01 02:33:05'),
(24, 'Item', 18, 'Meta Title', NULL, NULL, NULL, NULL, 'Group-10-1759467650.jpg', NULL, 0, 0, NULL, 1, 1, '2025-10-03 01:00:51', '2025-10-03 01:00:51'),
(30, 'Page', 3, 'Home - New Delhi', NULL, NULL, NULL, NULL, 'Group-10-1760792365.jpg', NULL, 0, 0, NULL, 1, 1, '2025-10-18 08:59:25', '2025-10-22 09:17:20'),
(31, 'Page', 4, 'Home - Kolkata', NULL, NULL, NULL, NULL, NULL, NULL, 0, 0, NULL, 1, 1, '2025-10-22 09:16:52', '2025-10-22 09:16:52'),
(34, 'Galleries', 3, 'Meta Title', NULL, NULL, NULL, NULL, 'Group-10-1761881685.jpg', NULL, 0, 0, NULL, 1, 1, '2025-10-30 23:34:45', '2025-10-30 23:34:45');

-- --------------------------------------------------------

--
-- Table structure for table `rbs_serving_style`
--

CREATE TABLE `rbs_serving_style` (
  `ss_id` int UNSIGNED NOT NULL,
  `title` varchar(255) CHARACTER SET utf8mb4 COLLATE utf8mb4_unicode_ci NOT NULL,
  `description` text CHARACTER SET utf8mb4 COLLATE utf8mb4_unicode_ci,
  `image` varchar(255) CHARACTER SET utf8mb4 COLLATE utf8mb4_unicode_ci DEFAULT NULL,
  `location_id` int NOT NULL DEFAULT '0',
  `c_order` int NOT NULL DEFAULT '0',
  `status` enum('Enabled','Disabled') CHARACTER SET utf8mb4 COLLATE utf8mb4_unicode_ci NOT NULL DEFAULT 'Enabled',
  `created_id` int NOT NULL DEFAULT '0',
  `updated_id` int NOT NULL DEFAULT '0',
  `created_at` timestamp NULL DEFAULT NULL,
  `updated_at` timestamp NULL DEFAULT NULL
) ENGINE=InnoDB DEFAULT CHARSET=utf8mb4 COLLATE=utf8mb4_unicode_ci;

--
-- Dumping data for table `rbs_serving_style`
--

INSERT INTO `rbs_serving_style` (`ss_id`, `title`, `description`, `image`, `location_id`, `c_order`, `status`, `created_id`, `updated_id`, `created_at`, `updated_at`) VALUES
(2, 'Live Prep', '<p>hgsd sdhshd sbdvhgsds ghsdgsf</p>', 'Group-10-1758637887.jpg', 3, 1, 'Enabled', 1, 1, '2025-09-23 05:01:27', '2025-09-29 10:09:30');





-- --------------------------------------------------------

--
-- Table structure for table `rbs_template`
--

CREATE TABLE `rbs_template` (
  `template_id` int UNSIGNED NOT NULL,
  `name` varchar(128) COLLATE utf8mb4_unicode_ci NOT NULL,
  `blade_file` varchar(128) COLLATE utf8mb4_unicode_ci NOT NULL,
  `route_path` varchar(255) COLLATE utf8mb4_unicode_ci NOT NULL,
  `controller_name` varchar(255) COLLATE utf8mb4_unicode_ci NOT NULL,
  `controller_logic` varchar(128) COLLATE utf8mb4_unicode_ci NOT NULL,
  `module_id` int NOT NULL,
  `device_type` enum('web','api','app') COLLATE utf8mb4_unicode_ci NOT NULL DEFAULT 'web',
  `location_specific` enum('Yes','No') COLLATE utf8mb4_unicode_ci NOT NULL DEFAULT 'Yes',
  `status` enum('Enabled','Disabled') COLLATE utf8mb4_unicode_ci NOT NULL DEFAULT 'Enabled',
  `created_id` int NOT NULL DEFAULT '0',
  `updated_id` int NOT NULL DEFAULT '0',
  `created_at` timestamp NULL DEFAULT NULL,
  `updated_at` timestamp NULL DEFAULT NULL
) ENGINE=InnoDB DEFAULT CHARSET=utf8mb4 COLLATE=utf8mb4_unicode_ci;

--
-- Dumping data for table `rbs_template`
--

INSERT INTO `rbs_template` (`template_id`, `name`, `blade_file`, `route_path`, `controller_name`, `controller_logic`, `module_id`, `device_type`, `location_specific`, `status`, `created_id`, `updated_id`, `created_at`, `updated_at`) VALUES
(1, 'Home Template', 'index', '/{location_slug?}', 'HomeController', 'render', 7, 'web', 'No', 'Enabled', 1, 1, '2025-10-11 01:49:44', '2025-10-22 08:44:51'),
(2, 'Default  CMS Page Template', 'page', 'page/{slug?}', 'WebPageController', 'pageData', 7, 'web', 'Yes', 'Enabled', 1, 1, '2025-10-11 01:51:38', '2025-10-11 01:51:38'),
(3, 'Contact Us Template', 'contact', 'contact-us', 'WebEnquiryController', 'render', 7, 'web', 'Yes', 'Enabled', 1, 1, '2025-10-11 01:57:01', '2025-10-11 01:57:01'),
(4, 'Thank You Template', 'thank_you', 'thank-you/{slug?}', 'WebPageController', 'thankYouData', 7, 'web', 'Yes', 'Enabled', 1, 1, '2025-10-11 01:58:07', '2025-10-11 01:58:07'),
(5, 'Menus Template', 'menus', 'menus/{slug?}', 'MenusController', 'render', 7, 'web', 'Yes', 'Enabled', 1, 1, '2025-10-11 01:58:41', '2025-10-11 01:58:41');

-- --------------------------------------------------------

--
-- Table structure for table `rbs_testimonials`
--

CREATE TABLE `rbs_testimonials` (
  `testimonial_id` int UNSIGNED NOT NULL,
  `customer_name` varchar(128) COLLATE utf8mb4_unicode_ci NOT NULL,
  `company_name` varchar(255) COLLATE utf8mb4_unicode_ci DEFAULT NULL,
  `description` text COLLATE utf8mb4_unicode_ci,
  `profile_picture` varchar(255) COLLATE utf8mb4_unicode_ci DEFAULT NULL,
  `rating_number` tinyint NOT NULL DEFAULT '0',
  `location_id` int NOT NULL DEFAULT '0',
  `c_order` int NOT NULL DEFAULT '0',
  `status` enum('Enabled','Disabled') COLLATE utf8mb4_unicode_ci NOT NULL DEFAULT 'Enabled',
  `created_id` int NOT NULL DEFAULT '0',
  `updated_id` int NOT NULL DEFAULT '0',
  `created_at` timestamp NULL DEFAULT NULL,
  `updated_at` timestamp NULL DEFAULT NULL
) ENGINE=InnoDB DEFAULT CHARSET=utf8mb4 COLLATE=utf8mb4_unicode_ci;

--
-- Dumping data for table `rbs_testimonials`
--

INSERT INTO `rbs_testimonials` (`testimonial_id`, `customer_name`, `company_name`, `description`, `profile_picture`, `rating_number`, `location_id`, `c_order`, `status`, `created_id`, `updated_id`, `created_at`, `updated_at`) VALUES
(1, 'John Doe', 'Lorem Ipsum', '<p>wewiew  wjhewhe wejwewh</p>', 'logo-1761314891.webp', 5, 1, 1, 'Enabled', 1, 1, '2025-10-24 10:04:04', '2025-10-25 02:27:43'),
(2, 'John Doe', 'Lorem Ipsum', '<p>wewew nwhewjewj wnejwejw wjew</p>', 'Group-10-1761315003.jpg', 4, 1, 1, 'Enabled', 1, 1, '2025-10-24 10:10:03', '2025-10-25 02:27:43');

--
-- Indexes for table `rbs_admin_access_logs`
--
ALTER TABLE `rbs_admin_access_logs`
  ADD PRIMARY KEY (`id`),
  ADD KEY `rbs_admin_access_logs_admin_id_index` (`admin_id`),
  ADD KEY `rbs_admin_access_logs_role_id_index` (`role_id`),
  ADD KEY `rbs_admin_access_logs_location_id_index` (`location_id`),
  ADD KEY `rbs_admin_access_logs_username_index` (`username`),
  ADD KEY `rbs_admin_access_logs_ip_address_index` (`ip_address`),
  ADD KEY `rbs_admin_access_logs_accessed_at_index` (`accessed_at`);

--
-- Indexes for table `rbs_admin_role`
--
ALTER TABLE `rbs_admin_role`
  ADD PRIMARY KEY (`role_id`),
  ADD UNIQUE KEY `rbs_admin_role_title_unique` (`title`);

--
-- Indexes for table `rbs_banners`
--
ALTER TABLE `rbs_banners`
  ADD PRIMARY KEY (`banner_id`);

--
-- Indexes for table `rbs_category`
--
ALTER TABLE `rbs_category`
  ADD PRIMARY KEY (`category_id`),
  ADD UNIQUE KEY `rbs_category_location_id_module_slug_unique` (`location_id`,`module`,`slug`);

--
-- Indexes for table `rbs_catering_package`
--
ALTER TABLE `rbs_catering_package`
  ADD PRIMARY KEY (`cp_id`),
  ADD UNIQUE KEY `unq_ls` (`location_id`,`slug`);

--
-- Indexes for table `rbs_catering_package_specification`
--
ALTER TABLE `rbs_catering_package_specification`
  ADD PRIMARY KEY (`cps_id`),
  ADD UNIQUE KEY `unq_clci` (`cp_id`,`location_id`,`category_id`,`item_id`);

--
-- Indexes for table `rbs_country`
--
ALTER TABLE `rbs_country`
  ADD PRIMARY KEY (`country_id`),
  ADD UNIQUE KEY `rbs_country_country_code_unique` (`country_code`);

--
-- Indexes for table `rbs_coupons`
--
ALTER TABLE `rbs_coupons`
  ADD PRIMARY KEY (`coupon_id`),
  ADD UNIQUE KEY `unq_l_c` (`location_id`,`code`);

--
-- Indexes for table `rbs_custom_field`
--
ALTER TABLE `rbs_custom_field`
  ADD PRIMARY KEY (`custom_field_id`),
  ADD UNIQUE KEY `unq_fn_t` (`field_name`,`type`);

--
-- Indexes for table `rbs_custom_field_group`
--
ALTER TABLE `rbs_custom_field_group`
  ADD PRIMARY KEY (`cf_group_id`);

--
-- Indexes for table `rbs_custom_field_group_custom_field`
--
ALTER TABLE `rbs_custom_field_group_custom_field`
  ADD PRIMARY KEY (`cfgc_field_id`),
  ADD UNIQUE KEY `cfg_cf_id` (`cf_group_id`,`custom_field_id`);

--
-- Indexes for table `rbs_custom_field_group_template`
--
ALTER TABLE `rbs_custom_field_group_template`
  ADD PRIMARY KEY (`cfg_template_id`),
  ADD UNIQUE KEY `cfg_t_id` (`cf_group_id`,`template_id`);

--
-- Indexes for table `rbs_custom_field_value`
--
ALTER TABLE `rbs_custom_field_value`
  ADD PRIMARY KEY (`cf_value_id`);

--
-- Indexes for table `rbs_delivery_partners`
--
ALTER TABLE `rbs_delivery_partners`
  ADD PRIMARY KEY (`dp_id`);

--
-- Indexes for table `rbs_email_template`
--
ALTER TABLE `rbs_email_template`
  ADD PRIMARY KEY (`et_id`);

--
-- Indexes for table `rbs_failed_jobs`
--
ALTER TABLE `rbs_failed_jobs`
  ADD PRIMARY KEY (`id`),
  ADD UNIQUE KEY `rbs_failed_jobs_uuid_unique` (`uuid`);

--
-- Indexes for table `rbs_galleries`
--
ALTER TABLE `rbs_galleries`
  ADD PRIMARY KEY (`gallery_id`),
  ADD UNIQUE KEY `unq_l_s` (`location_id`,`slug`);

--
-- Indexes for table `rbs_gallery_items`
--
ALTER TABLE `rbs_gallery_items`
  ADD PRIMARY KEY (`gallery_item_id`);

--
-- Indexes for table `rbs_item`
--
ALTER TABLE `rbs_item`
  ADD PRIMARY KEY (`item_id`),
  ADD UNIQUE KEY `rbs_item_location_id_module_slug_unique` (`location_id`,`module`,`slug`),
  ADD UNIQUE KEY `rbs_item_location_id_module_code_unique` (`location_id`,`module`,`code`);

--
-- Indexes for table `rbs_location`
--
ALTER TABLE `rbs_location`
  ADD PRIMARY KEY (`location_id`),
  ADD UNIQUE KEY `rbs_locations_slug_unique` (`slug`);

--
-- Indexes for table `rbs_location_admin_user`
--
ALTER TABLE `rbs_location_admin_user`
  ADD PRIMARY KEY (`location_admin_user_id`),
  ADD UNIQUE KEY `lctn_admn_id` (`location_id`,`admin_id`);

--
-- Indexes for table `rbs_migrations`
--
ALTER TABLE `rbs_migrations`
  ADD PRIMARY KEY (`id`);

--
-- Indexes for table `rbs_modules`
--
ALTER TABLE `rbs_modules`
  ADD PRIMARY KEY (`module_id`),
  ADD UNIQUE KEY `rbs_modules_title_class_name_unique` (`title`,`class_name`);

--
-- Indexes for table `rbs_module_class`
--
ALTER TABLE `rbs_module_class`
  ADD PRIMARY KEY (`class_id`),
  ADD UNIQUE KEY `rbs_module_class_class_name_unique` (`class_name`),
  ADD UNIQUE KEY `rbs_module_class_slug_unique` (`slug`);

--
-- Indexes for table `rbs_module_methods`
--
ALTER TABLE `rbs_module_methods`
  ADD PRIMARY KEY (`method_id`);

--
-- Indexes for table `rbs_order_by_tray_unit_specification`
--
ALTER TABLE `rbs_order_by_tray_unit_specification`
  ADD PRIMARY KEY (`obtus_id`);

--
-- Indexes for table `rbs_page`
--
ALTER TABLE `rbs_page`
  ADD PRIMARY KEY (`page_id`),
  ADD UNIQUE KEY `unq_l_s` (`location_id`,`slug`);

--
-- Indexes for table `rbs_password_reset_tokens`
--
ALTER TABLE `rbs_password_reset_tokens`
  ADD PRIMARY KEY (`email`);

--
-- Indexes for table `rbs_personal_access_tokens`
--
ALTER TABLE `rbs_personal_access_tokens`
  ADD PRIMARY KEY (`id`),
  ADD UNIQUE KEY `rbs_personal_access_tokens_token_unique` (`token`),
  ADD KEY `rbs_personal_access_tokens_tokenable_type_tokenable_id_index` (`tokenable_type`,`tokenable_id`);

--
-- Indexes for table `rbs_role_module_method_rights`
--
ALTER TABLE `rbs_role_module_method_rights`
  ADD PRIMARY KEY (`role_module_method_right_id`),
  ADD UNIQUE KEY `r_m_m_id` (`role_id`,`module_id`,`method_id`);

--
-- Indexes for table `rbs_seo_meta`
--
ALTER TABLE `rbs_seo_meta`
  ADD PRIMARY KEY (`id`),
  ADD KEY `rbs_seo_meta_seoable_type_seoable_id_index` (`seoable_type`,`seoable_id`);

--
-- Indexes for table `rbs_serving_style`
--
ALTER TABLE `rbs_serving_style`
  ADD PRIMARY KEY (`ss_id`);

--
-- Indexes for table `rbs_settings`
--
ALTER TABLE `rbs_settings`
  ADD PRIMARY KEY (`stng_id`);

--
-- Indexes for table `rbs_template`
--
ALTER TABLE `rbs_template`
  ADD PRIMARY KEY (`template_id`),
  ADD UNIQUE KEY `unq_dt_rp` (`device_type`,`route_path`),
  ADD UNIQUE KEY `unq_cn_cl` (`controller_name`,`controller_logic`);

--
-- Indexes for table `rbs_testimonials`
--
ALTER TABLE `rbs_testimonials`
  ADD PRIMARY KEY (`testimonial_id`);

--
-- AUTO_INCREMENT for table `rbs_admin_access_logs`
--
ALTER TABLE `rbs_admin_access_logs`
  MODIFY `id` bigint UNSIGNED NOT NULL AUTO_INCREMENT;

--
-- AUTO_INCREMENT for table `rbs_admin_role`
--
ALTER TABLE `rbs_admin_role`
  MODIFY `role_id` int UNSIGNED NOT NULL AUTO_INCREMENT, AUTO_INCREMENT=4;

--
-- AUTO_INCREMENT for table `rbs_banners`
--
ALTER TABLE `rbs_banners`
  MODIFY `banner_id` int UNSIGNED NOT NULL AUTO_INCREMENT, AUTO_INCREMENT=3;

--
-- AUTO_INCREMENT for table `rbs_category`
--
ALTER TABLE `rbs_category`
  MODIFY `category_id` int UNSIGNED NOT NULL AUTO_INCREMENT, AUTO_INCREMENT=24;

--
-- AUTO_INCREMENT for table `rbs_catering_package`
--
ALTER TABLE `rbs_catering_package`
  MODIFY `cp_id` int UNSIGNED NOT NULL AUTO_INCREMENT, AUTO_INCREMENT=4;

--
-- AUTO_INCREMENT for table `rbs_catering_package_specification`
--
ALTER TABLE `rbs_catering_package_specification`
  MODIFY `cps_id` int UNSIGNED NOT NULL AUTO_INCREMENT, AUTO_INCREMENT=4;

--
-- AUTO_INCREMENT for table `rbs_country`
--
ALTER TABLE `rbs_country`
  MODIFY `country_id` int UNSIGNED NOT NULL AUTO_INCREMENT, AUTO_INCREMENT=9;

--
-- AUTO_INCREMENT for table `rbs_coupons`
--
ALTER TABLE `rbs_coupons`
  MODIFY `coupon_id` int UNSIGNED NOT NULL AUTO_INCREMENT, AUTO_INCREMENT=7;

--
-- AUTO_INCREMENT for table `rbs_custom_field`
--
ALTER TABLE `rbs_custom_field`
  MODIFY `custom_field_id` int UNSIGNED NOT NULL AUTO_INCREMENT, AUTO_INCREMENT=7;

--
-- AUTO_INCREMENT for table `rbs_custom_field_group`
--
ALTER TABLE `rbs_custom_field_group`
  MODIFY `cf_group_id` int UNSIGNED NOT NULL AUTO_INCREMENT, AUTO_INCREMENT=4;

--
-- AUTO_INCREMENT for table `rbs_custom_field_group_custom_field`
--
ALTER TABLE `rbs_custom_field_group_custom_field`
  MODIFY `cfgc_field_id` bigint UNSIGNED NOT NULL AUTO_INCREMENT, AUTO_INCREMENT=10;

--
-- AUTO_INCREMENT for table `rbs_custom_field_group_template`
--
ALTER TABLE `rbs_custom_field_group_template`
  MODIFY `cfg_template_id` bigint UNSIGNED NOT NULL AUTO_INCREMENT, AUTO_INCREMENT=6;

--
-- AUTO_INCREMENT for table `rbs_custom_field_value`
--
ALTER TABLE `rbs_custom_field_value`
  MODIFY `cf_value_id` bigint UNSIGNED NOT NULL AUTO_INCREMENT, AUTO_INCREMENT=7;

--
-- AUTO_INCREMENT for table `rbs_delivery_partners`
--
ALTER TABLE `rbs_delivery_partners`
  MODIFY `dp_id` int UNSIGNED NOT NULL AUTO_INCREMENT, AUTO_INCREMENT=2;

--
-- AUTO_INCREMENT for table `rbs_email_template`
--
ALTER TABLE `rbs_email_template`
  MODIFY `et_id` int UNSIGNED NOT NULL AUTO_INCREMENT, AUTO_INCREMENT=2;

--
-- AUTO_INCREMENT for table `rbs_failed_jobs`
--
ALTER TABLE `rbs_failed_jobs`
  MODIFY `id` bigint UNSIGNED NOT NULL AUTO_INCREMENT;

--
-- AUTO_INCREMENT for table `rbs_galleries`
--
ALTER TABLE `rbs_galleries`
  MODIFY `gallery_id` int UNSIGNED NOT NULL AUTO_INCREMENT, AUTO_INCREMENT=4;

--
-- AUTO_INCREMENT for table `rbs_gallery_items`
--
ALTER TABLE `rbs_gallery_items`
  MODIFY `gallery_item_id` int UNSIGNED NOT NULL AUTO_INCREMENT, AUTO_INCREMENT=5;

--
-- AUTO_INCREMENT for table `rbs_item`
--
ALTER TABLE `rbs_item`
  MODIFY `item_id` int UNSIGNED NOT NULL AUTO_INCREMENT, AUTO_INCREMENT=20;

--
-- AUTO_INCREMENT for table `rbs_location`
--
ALTER TABLE `rbs_location`
  MODIFY `location_id` int UNSIGNED NOT NULL AUTO_INCREMENT, AUTO_INCREMENT=16;

--
-- AUTO_INCREMENT for table `rbs_location_admin_user`
--
ALTER TABLE `rbs_location_admin_user`
  MODIFY `location_admin_user_id` bigint UNSIGNED NOT NULL AUTO_INCREMENT, AUTO_INCREMENT=25;

--
-- AUTO_INCREMENT for table `rbs_migrations`
--
ALTER TABLE `rbs_migrations`
  MODIFY `id` int UNSIGNED NOT NULL AUTO_INCREMENT, AUTO_INCREMENT=40;

--
-- AUTO_INCREMENT for table `rbs_modules`
--
ALTER TABLE `rbs_modules`
  MODIFY `module_id` int UNSIGNED NOT NULL AUTO_INCREMENT, AUTO_INCREMENT=41;

--
-- AUTO_INCREMENT for table `rbs_module_class`
--
ALTER TABLE `rbs_module_class`
  MODIFY `class_id` int UNSIGNED NOT NULL AUTO_INCREMENT, AUTO_INCREMENT=41;

--
-- AUTO_INCREMENT for table `rbs_module_methods`
--
ALTER TABLE `rbs_module_methods`
  MODIFY `method_id` int UNSIGNED NOT NULL AUTO_INCREMENT, AUTO_INCREMENT=778;

--
-- AUTO_INCREMENT for table `rbs_order_by_tray_unit_specification`
--
ALTER TABLE `rbs_order_by_tray_unit_specification`
  MODIFY `obtus_id` int UNSIGNED NOT NULL AUTO_INCREMENT, AUTO_INCREMENT=8;

--
-- AUTO_INCREMENT for table `rbs_page`
--
ALTER TABLE `rbs_page`
  MODIFY `page_id` int UNSIGNED NOT NULL AUTO_INCREMENT, AUTO_INCREMENT=6;

--
-- AUTO_INCREMENT for table `rbs_personal_access_tokens`
--
ALTER TABLE `rbs_personal_access_tokens`
  MODIFY `id` bigint UNSIGNED NOT NULL AUTO_INCREMENT;

--
-- AUTO_INCREMENT for table `rbs_role_module_method_rights`
--
ALTER TABLE `rbs_role_module_method_rights`
  MODIFY `role_module_method_right_id` int UNSIGNED NOT NULL AUTO_INCREMENT, AUTO_INCREMENT=240;

--
-- AUTO_INCREMENT for table `rbs_seo_meta`
--
ALTER TABLE `rbs_seo_meta`
  MODIFY `id` bigint UNSIGNED NOT NULL AUTO_INCREMENT, AUTO_INCREMENT=35;

--
-- AUTO_INCREMENT for table `rbs_serving_style`
--
ALTER TABLE `rbs_serving_style`
  MODIFY `ss_id` int UNSIGNED NOT NULL AUTO_INCREMENT, AUTO_INCREMENT=3;

--
-- AUTO_INCREMENT for table `rbs_settings`
--
ALTER TABLE `rbs_settings`
  MODIFY `stng_id` int UNSIGNED NOT NULL AUTO_INCREMENT, AUTO_INCREMENT=32;

--
-- AUTO_INCREMENT for table `rbs_template`
--
ALTER TABLE `rbs_template`
  MODIFY `template_id` int UNSIGNED NOT NULL AUTO_INCREMENT, AUTO_INCREMENT=7;

--
-- AUTO_INCREMENT for table `rbs_testimonials`
--
ALTER TABLE `rbs_testimonials`
  MODIFY `testimonial_id` int UNSIGNED NOT NULL AUTO_INCREMENT, AUTO_INCREMENT=3;
COMMIT;

